{"id":30078,"date":"2025-03-28T14:59:16","date_gmt":"2025-03-28T06:59:16","guid":{"rendered":"https:\/\/hotpink-lyrebird-701956.hostingersite.com\/?post_type=product&#038;p=30078"},"modified":"2025-03-29T13:57:49","modified_gmt":"2025-03-29T05:57:49","slug":"high-speed-six-colors-flexo-printing-machine","status":"publish","type":"product","link":"https:\/\/cortesolda.com.br\/por\/high-speed-six-colors-flexo-printing-machine.html","title":{"rendered":"M\u00e1quina de impress\u00e3o flexogr\u00e1fica de seis cores de alta velocidade"},"content":{"rendered":"<div id=\"tab-desc\" class=\"tab-pane active\" role=\"tabpanel\">\n<div class=\"ProductAttr\">\n<div class=\"ProductAttrItem\">\n<div class=\"ProductAttr-title\">cor<\/div>\n<div class=\"ProductAttr-text\">vermelho, azul, amarelo<\/div>\n<\/div>\n<\/div>\n<div class=\"product-tab-desc\">\n<p><strong>M\u00e1quina de impress\u00e3o flexogr\u00e1fica de seis cores de alta velocidade<\/strong><\/p>\n<p>A m\u00e1quina de impress\u00e3o flexogr\u00e1fica adota resina de sensibiliza\u00e7\u00e3o como placa de impress\u00e3o flex\u00edvel, \u00e9 adequada para imprimir materiais de embalagem como polietileno, saco de polipropileno, celofane e papel em rolo, etc. , saco de colete e saco de roupas, etc.<\/p>\n<h3><strong>atua\u00e7\u00e3o<\/strong><strong>:<\/strong><\/h3>\n<ol>\n<li>Opera\u00e7\u00e3o f\u00e1cil, partida flex\u00edvel, registro de cores preciso.<\/li>\n<li>o contador do medidor pode definir a quantidade de impress\u00e3o de acordo com os requisitos.Pare a m\u00e1quina automaticamente na quantidade ou quando o material for cortado.<\/li>\n<li>Elevador e abaixado do cilindro de impress\u00e3o pneum\u00e1tico, agitar\u00e1 a tinta de impress\u00e3o automaticamente ap\u00f3s o levantamento.<\/li>\n<li>a tinta de impress\u00e3o \u00e9 espalhada pelo cilindro anilox com cor de tinta uniforme.<\/li>\n<li>Sistema de secagem confi\u00e1vel coordenado com rota\u00e7\u00e3o de alta velocidade, interromper\u00e1 automaticamente o circuito quando a m\u00e1quina parar.<\/li>\n<li>Dispositivo de registro longitudinal cont\u00ednuo e ajust\u00e1vel de 360\u00b0.<\/li>\n<li>O controle de frequ\u00eancia da velocidade do motor se adapta a diferentes velocidades de impress\u00e3o.<\/li>\n<li>Existem bot\u00f5es de Jogging\/Stoping na base do rolo da placa e na cremalheira do material para facilitar a opera\u00e7\u00e3o da m\u00e1quina quando a placa \u00e9 instalada.<\/li>\n<\/ol>\n<p>&nbsp;<\/p>\n<table>\n<tbody>\n<tr>\n<td width=\"179\">&nbsp;<\/td>\n<td width=\"120\">YT-A6600<\/td>\n<td width=\"133\">YT-A6800<\/td>\n<td width=\"133\">YT-A61000<\/td>\n<td width=\"133\">YT-A61200<\/td>\n<\/tr>\n<tr>\n<td width=\"179\">Largura m\u00e1xima do material<\/td>\n<td width=\"120\">600 mm<\/td>\n<td width=\"133\">800 mm<\/td>\n<td width=\"133\">1000mm<\/td>\n<td width=\"133\">1200mm<\/td>\n<\/tr>\n<tr>\n<td width=\"179\">Largura m\u00e1xima de impress\u00e3o<\/td>\n<td width=\"120\">560 mm<\/td>\n<td width=\"133\">760 mm<\/td>\n<td width=\"133\">960 mm<\/td>\n<td width=\"133\">1160mm<\/td>\n<\/tr>\n<tr>\n<td width=\"179\">Pot\u00eancia de aquecimento<\/td>\n<td width=\"120\">35kw<\/td>\n<td width=\"133\">35kw<\/td>\n<td width=\"133\">35kw<\/td>\n<td width=\"133\">35kw<\/td>\n<\/tr>\n<tr>\n<td width=\"179\">Peso da m\u00e1quina<\/td>\n<td width=\"120\">5000kgs<\/td>\n<td width=\"133\">5200kgs<\/td>\n<td width=\"133\">5400kgs<\/td>\n<td width=\"133\">5600kgs<\/td>\n<\/tr>\n<tr>\n<td width=\"179\">Dimens\u00e3o do esbo\u00e7o<\/td>\n<td width=\"120\">6&#215;1,8&#215;3,5m<\/td>\n<td width=\"133\">6&#215;2,0x3,5m<\/td>\n<td width=\"133\">6&#215;2,2&#215;3,5m<\/td>\n<td width=\"133\">6&#215;2,4&#215;3,5m<\/td>\n<\/tr>\n<tr>\n<td width=\"179\">Impress\u00e3o de cores<\/td>\n<td colspan=\"4\" width=\"520\">6 cores (6+0,5+1,4+2,3+3)<\/td>\n<\/tr>\n<tr>\n<td width=\"179\">Comprimento de impress\u00e3o<\/td>\n<td colspan=\"4\" width=\"520\">300-1100mm<\/td>\n<\/tr>\n<tr>\n<td width=\"179\">Velocidade da m\u00e1quina<\/td>\n<td colspan=\"4\" width=\"520\">150m\/min<\/td>\n<\/tr>\n<tr>\n<td width=\"179\">Velocidade de impress\u00e3o<\/td>\n<td colspan=\"4\" width=\"520\">100m\/min (120m\/min com opcional: l\u00e2mina raspadora de c\u00e2mara)<\/td>\n<\/tr>\n<tr>\n<td width=\"179\">Material da Placa<\/td>\n<td colspan=\"4\" width=\"520\">Resina<\/td>\n<\/tr>\n<tr>\n<td width=\"179\">Material adequado<\/td>\n<td colspan=\"4\" width=\"520\">PAPEL\u223615~300g\/m\u00b2\u3001 N\u00c3O TECIDO\u223615-120G\u3001PC\u223610-120\u03bcm\u3001OPP\u223610-100\u03bcm\u3001BOPP\u223610-100\u03bcm\u3001PE\u223615-150\u03bcm\u3001NY\u223610-0\u03bcm\u3001 PET\u223610-10-120\u03bcm\u3001 CPP\u223610-100\u03bcm<\/td>\n<\/tr>\n<tr>\n<td width=\"179\">Ajuste de registro<\/td>\n<td colspan=\"4\" width=\"520\">Controle do motor el\u00e9trico (vertical e horizontal)<\/td>\n<\/tr>\n<tr>\n<td width=\"179\">Constitui\u00e7\u00e3o da Impress\u00e3o<\/td>\n<td colspan=\"4\" width=\"520\">Rolo anilox cer\u00e2mico 6 pe\u00e7as, l\u00e2mina m\u00e9dica \u00fanica 6 pe\u00e7as, cilindro de impress\u00e3o para comprimento de impress\u00e3o 400 mm, controlador de tela de toque PLC<\/td>\n<\/tr>\n<tr>\n<td width=\"179\">&nbsp;<\/td>\n<td colspan=\"4\" width=\"520\">Dispositivo opcional: l\u00e2mina do m\u00e9dico da c\u00e2mara;<\/td>\n<\/tr>\n<tr>\n<td width=\"179\">Princ\u00edpio de trabalho<\/td>\n<td colspan=\"4\" width=\"520\">condu\u00e7\u00e3o s\u00edncrona da correia<\/td>\n<\/tr>\n<tr>\n<td width=\"179\">Precis\u00e3o de impress\u00e3o<\/td>\n<td colspan=\"4\" width=\"520\">+\/-0,15 mm<\/td>\n<\/tr>\n<tr>\n<td width=\"179\">Espessura da Placa (incluindo a cola)<\/td>\n<td colspan=\"4\" width=\"520\">1,7 mm (por favor, note-nos para diferentes espessuras)<\/td>\n<\/tr>\n<tr>\n<td width=\"179\">Voltagem da M\u00e1quina<\/td>\n<td colspan=\"4\" width=\"520\">380V 50\/60HZ 3PH<\/td>\n<\/tr>\n<\/tbody>\n<\/table>\n<p>&nbsp;<\/p>\n<p>\u203bAs especifica\u00e7\u00f5es corretas dependem do modelo real.Todas as especifica\u00e7\u00f5es est\u00e3o sujeitas a altera\u00e7\u00f5es sem aviso pr\u00e9vio.<\/p>\n<p>Recipiente de carregamento da m\u00e1quina de impress\u00e3o flexogr\u00e1fica, envio para outro pa\u00eds.<\/p>\n<p><img decoding=\"async\" src=\"https:\/\/shopic.mcmcclass.com\/20211215213827403350285.JPG\" alt=\"flexo_printing_machine_ship_in_container.JPG\" \/><\/p>\n<p>M\u00e1quina de impress\u00e3o flexogr\u00e1fica, m\u00e1quina de sopro de filme no cliente fatory<\/p>\n<p><img decoding=\"async\" src=\"https:\/\/shopic.mcmcclass.com\/20211215213723786217429.JPG\" alt=\"Plastic-bag-machine-factory.JPG\" \/><\/p>\n<p>Instale a M\u00e1quina de Filme Strech na F\u00e1brica do Cliente no M\u00e9xico<\/p>\n<p><img decoding=\"async\" src=\"https:\/\/shopic.mcmcclass.com\/20211214015056677179067.JPG\" alt=\"stretch film machine1.JPG\" \/><\/p>\n<p>Nosso cooperador de pe\u00e7as principais como marca a seguir (pe\u00e7as padr\u00e3o todas feitas da china).<\/p>\n<p><img fetchpriority=\"high\" decoding=\"async\" src=\"https:\/\/shopic.mcmcclass.com\/20211213214903233504108.jpg\" alt=\"plastic_bag_machine_electric_parts.jpg\" width=\"500\" height=\"312\" \/><\/p>\n<p>Fornecedor de material de canudo<\/p>\n<p><img decoding=\"async\" src=\"https:\/\/fshop.oss-accelerate.aliyuncs.com\/20211214224140246141552.jpg\" alt=\"Polythylene-Polypropylene-PP-HDPE-LDPE-material-Supplier-Top-ten-List(1).jpg\" width=\"500\" height=\"500\" \/><\/p>\n<p><img decoding=\"async\" src=\"https:\/\/fshop.oss-accelerate.aliyuncs.com\/20211215004555835914023.jpg\" alt=\"automatic-slitting-machine-7.jpg\" width=\"500\" height=\"476\" \/><\/p>\n<p><img loading=\"lazy\" decoding=\"async\" src=\"https:\/\/fshop.oss-accelerate.aliyuncs.com\/20211215004555806011983.jpg\" alt=\"automatic-slitting-machine-9.jpg\" width=\"500\" height=\"252\" \/><\/p>\n<p>Rede Global de Servi\u00e7os<\/p>\n<p><img loading=\"lazy\" decoding=\"async\" src=\"https:\/\/fshop.oss-accelerate.aliyuncs.com\/20211213231123292754909.jpg\" alt=\"Marketing Network-plasticbagmachine.jpg\" width=\"481\" height=\"319\" \/><\/p>\n<p>&nbsp;<\/p>\n<\/div>\n<\/div>\n","protected":false},"excerpt":{"rendered":"<p>cor vermelho, azul, <\/p>\n","protected":false},"featured_media":30057,"comment_status":"closed","ping_status":"closed","template":"","meta":{"_acf_changed":false,"_oss_video_url":""},"product_brand":[],"product_cat":[83],"product_tag":[],"class_list":{"0":"post-30078","1":"product","2":"type-product","3":"status-publish","4":"has-post-thumbnail","6":"product_cat-impressoras-flexograficas","8":"first","9":"instock","10":"shipping-taxable","11":"product-type-simple"},"acf":[],"_links":{"self":[{"href":"https:\/\/cortesolda.com.br\/por\/wp-json\/wp\/v2\/product\/30078","targetHints":{"allow":["GET"]}}],"collection":[{"href":"https:\/\/cortesolda.com.br\/por\/wp-json\/wp\/v2\/product"}],"about":[{"href":"https:\/\/cortesolda.com.br\/por\/wp-json\/wp\/v2\/types\/product"}],"replies":[{"embeddable":true,"href":"https:\/\/cortesolda.com.br\/por\/wp-json\/wp\/v2\/comments?post=30078"}],"version-history":[{"count":0,"href":"https:\/\/cortesolda.com.br\/por\/wp-json\/wp\/v2\/product\/30078\/revisions"}],"wp:featuredmedia":[{"embeddable":true,"href":"https:\/\/cortesolda.com.br\/por\/wp-json\/wp\/v2\/media\/30057"}],"wp:attachment":[{"href":"https:\/\/cortesolda.com.br\/por\/wp-json\/wp\/v2\/media?parent=30078"}],"wp:term":[{"taxonomy":"product_brand","embeddable":true,"href":"https:\/\/cortesolda.com.br\/por\/wp-json\/wp\/v2\/product_brand?post=30078"},{"taxonomy":"product_cat","embeddable":true,"href":"https:\/\/cortesolda.com.br\/por\/wp-json\/wp\/v2\/product_cat?post=30078"},{"taxonomy":"product_tag","embeddable":true,"href":"https:\/\/cortesolda.com.br\/por\/wp-json\/wp\/v2\/product_tag?post=30078"}],"curies":[{"name":"wp","href":"https:\/\/api.w.org\/{rel}","templated":true}]}}