{"id":30146,"date":"2025-03-28T15:18:35","date_gmt":"2025-03-28T07:18:35","guid":{"rendered":"https:\/\/hotpink-lyrebird-701956.hostingersite.com\/?post_type=product&#038;p=30146"},"modified":"2025-03-29T14:11:39","modified_gmt":"2025-03-29T06:11:39","slug":"square-bottom-paper-bag-machine","status":"publish","type":"product","link":"https:\/\/cortesolda.com.br\/por\/square-bottom-paper-bag-machine.html","title":{"rendered":"M\u00e1quina de saco de papel com fundo quadrado"},"content":{"rendered":"<div id=\"tab-desc\" class=\"tab-pane active\" role=\"tabpanel\">\n<div class=\"ProductAttr\">\n<div class=\"ProductAttrItem\">\n<div class=\"ProductAttr-title\">cor<\/div>\n<div class=\"ProductAttr-text\">vermelho, azul, amarelo<\/div>\n<\/div>\n<\/div>\n<div class=\"product-tab-desc\">\n<p><strong>Propriedades e usos:<\/strong><\/p>\n<p>M\u00e1quina de usar papel de rolo, de papel de cor prim\u00e1ria ou papel de web impresso para saco de papel de fundo quadrado uma vez a produ\u00e7\u00e3o. A m\u00e1quina pode ser usada em v\u00e1rios sacos de papel com alta velocidade e efici\u00eancia.\u00c9 um equipamento ideal para a produ\u00e7\u00e3o de sacos de papel.<\/p>\n<p>Esta m\u00e1quina \u00e9 composta por desenrolamento de rolos (alimenta\u00e7\u00e3o hidr\u00e1ulica, guia de web autom\u00e1tica, tens\u00e3o constante), colagem lateral, impress\u00e3o de rastreamento de olho el\u00e9trico, papel de base em cilindro, corte de tra\u00e7\u00e3o de comprimento fixo, abertura de recuo do fundo do saco, colagem do fundo do saco, moldagem do fundo do saco , envio de saco etc. A m\u00e1quina inteira \u00e9 controlada centralmente pela tela de toque PLC e servo motor controla o comprimento do saco de papel.<\/p>\n<p><img decoding=\"async\" src=\"https:\/\/shopic.mcmcclass.com\/20211228164044592471626.png?1640680845348\" width=\"500\" \/><\/p>\n<p><img decoding=\"async\" src=\"https:\/\/shopic.mcmcclass.com\/20211228164026571071305.png?1640680827327\" width=\"500\" \/><\/p>\n<p>Principais Vari\u00e1veis \u200b\u200bT\u00e9cnicas:<\/p>\n<div>\n<table>\n<tbody>\n<tr>\n<td width=\"213\">Modelo<\/td>\n<td width=\"200\">KDFD-330<\/td>\n<td rowspan=\"14\" width=\"230\"><strong>\u00a0<\/strong><\/p>\n<p><strong>\u00a0<\/strong><\/p>\n<p>&nbsp;<\/td>\n<\/tr>\n<tr>\n<td width=\"213\">Comprimento do rolo de papel<\/td>\n<td width=\"200\">270-530mm(C)<\/td>\n<\/tr>\n<tr>\n<td width=\"213\">Comprimento do saco de papel<\/td>\n<td width=\"200\">225-450mm (L)<\/td>\n<\/tr>\n<tr>\n<td width=\"213\">Largura do saco de papel<\/td>\n<td width=\"200\">150-330mm (L)<\/td>\n<\/tr>\n<tr>\n<td width=\"213\">Largura inferior do saco de papel<\/td>\n<td width=\"200\">60-160 mm (A)<\/td>\n<\/tr>\n<tr>\n<td width=\"213\">Profundidade de inser\u00e7\u00e3o lateral M<\/td>\n<td width=\"200\">30-90mm<\/td>\n<\/tr>\n<tr>\n<td width=\"213\">Espessura do papel<\/td>\n<td width=\"200\">60-160g\/m2<\/td>\n<\/tr>\n<tr>\n<td width=\"213\">Velocidade da m\u00e1quina<\/td>\n<td width=\"200\">30-160 pe\u00e7as\/min<\/td>\n<\/tr>\n<tr>\n<td width=\"213\">Largura do rolo de papel<\/td>\n<td width=\"200\">380-950mm<\/td>\n<\/tr>\n<tr>\n<td width=\"213\">Di\u00e2metro do papel em rolo<\/td>\n<td width=\"200\">1200mm<\/td>\n<\/tr>\n<tr>\n<td width=\"213\">Di\u00e2metro do n\u00facleo de papel<\/td>\n<td width=\"200\">76mm\uff083\u201d\uff09<\/td>\n<\/tr>\n<tr>\n<td width=\"213\">Pot\u00eancia da m\u00e1quina<\/td>\n<td width=\"200\">3 fases,380v,12kw<\/td>\n<\/tr>\n<tr>\n<td width=\"213\">Peso da m\u00e1quina<\/td>\n<td width=\"200\">8000kg<\/td>\n<\/tr>\n<tr>\n<td width=\"213\">Tamanho da m\u00e1quina<\/td>\n<td width=\"200\">10500x3700x1900mm<\/td>\n<\/tr>\n<\/tbody>\n<\/table>\n<p><img fetchpriority=\"high\" decoding=\"async\" src=\"https:\/\/shopic.mcmcclass.com\/20211228164140549052788.png?1640680901301\" width=\"500\" height=\"376\" \/><\/p>\n<p><img decoding=\"async\" src=\"https:\/\/shopic.mcmcclass.com\/20211228164145217407141.png?1640680905962\" width=\"500\" \/><\/p>\n<p><img decoding=\"async\" src=\"https:\/\/shopic.mcmcclass.com\/20211228164215116164311.png?1640680935876\" width=\"500\" \/><\/p>\n<p><img decoding=\"async\" src=\"https:\/\/shopic.mcmcclass.com\/20211228164229107689138.png?1640680949855\" width=\"500\" \/><\/p>\n<p>Nosso cooperador de pe\u00e7as principais como marca a seguir, mas pe\u00e7as padr\u00e3o todas feitas da china.<\/p>\n<p><img decoding=\"async\" src=\"https:\/\/shopic.mcmcclass.com\/20211228135923616854212.png?1640671164178\" width=\"500\" \/><\/p>\n<p><img decoding=\"async\" src=\"https:\/\/shopic.mcmcclass.com\/20211228114923643729522.jpg\" alt=\"automatic-slitting-machine-9.jpg\" width=\"500\" \/><\/p>\n<\/div>\n<\/div>\n<\/div>\n","protected":false},"excerpt":{"rendered":"<p>cor vermelho, azul, <\/p>\n","protected":false},"featured_media":30148,"comment_status":"closed","ping_status":"closed","template":"","meta":{"_acf_changed":false,"_oss_video_url":""},"product_brand":[],"product_cat":[84],"product_tag":[],"class_list":{"0":"post-30146","1":"product","2":"type-product","3":"status-publish","4":"has-post-thumbnail","6":"product_cat-maquina-de-sacos-de-papel","8":"first","9":"instock","10":"shipping-taxable","11":"product-type-simple"},"acf":[],"_links":{"self":[{"href":"https:\/\/cortesolda.com.br\/por\/wp-json\/wp\/v2\/product\/30146","targetHints":{"allow":["GET"]}}],"collection":[{"href":"https:\/\/cortesolda.com.br\/por\/wp-json\/wp\/v2\/product"}],"about":[{"href":"https:\/\/cortesolda.com.br\/por\/wp-json\/wp\/v2\/types\/product"}],"replies":[{"embeddable":true,"href":"https:\/\/cortesolda.com.br\/por\/wp-json\/wp\/v2\/comments?post=30146"}],"version-history":[{"count":0,"href":"https:\/\/cortesolda.com.br\/por\/wp-json\/wp\/v2\/product\/30146\/revisions"}],"wp:featuredmedia":[{"embeddable":true,"href":"https:\/\/cortesolda.com.br\/por\/wp-json\/wp\/v2\/media\/30148"}],"wp:attachment":[{"href":"https:\/\/cortesolda.com.br\/por\/wp-json\/wp\/v2\/media?parent=30146"}],"wp:term":[{"taxonomy":"product_brand","embeddable":true,"href":"https:\/\/cortesolda.com.br\/por\/wp-json\/wp\/v2\/product_brand?post=30146"},{"taxonomy":"product_cat","embeddable":true,"href":"https:\/\/cortesolda.com.br\/por\/wp-json\/wp\/v2\/product_cat?post=30146"},{"taxonomy":"product_tag","embeddable":true,"href":"https:\/\/cortesolda.com.br\/por\/wp-json\/wp\/v2\/product_tag?post=30146"}],"curies":[{"name":"wp","href":"https:\/\/api.w.org\/{rel}","templated":true}]}}