{"id":30183,"date":"2025-03-28T15:31:16","date_gmt":"2025-03-28T07:31:16","guid":{"rendered":"https:\/\/hotpink-lyrebird-701956.hostingersite.com\/?post_type=product&#038;p=30183"},"modified":"2025-07-06T18:30:31","modified_gmt":"2025-07-06T10:30:31","slug":"rebobinadeira-para-stretch-pe-e-pvc-automatica-rebobinadeira-para-stretch-pe-e-pvc","status":"publish","type":"product","link":"https:\/\/cortesolda.com.br\/por\/rebobinadeira-para-stretch-pe-e-pvc-automatica-rebobinadeira-para-stretch-pe-e-pvc","title":{"rendered":"Rebobinadeira para Stretch PE e PVC &#8211; Autom\u00e1tica"},"content":{"rendered":"<div id=\"tab-desc\" class=\"tab-pane active\" role=\"tabpanel\">\n<div class=\"ProductAttr\">\n<div class=\"ProductAttrItem\">\n<div data-rm-block-id=\"block-1\">Rebobinadeira para Stretch PE e PVC &#8211; Autom\u00e1tica<\/div>\n<div data-rm-block-id=\"block-1\">Rebobinadeira para Stretch PE e PVC LLDPE \u00e9 um tipo de m\u00e1quina multifuncional integrada com corte e rebobinamento de filme pl\u00e1stico PVC, filme estir\u00e1vel LLDPE, filme pl\u00e1stico PVC<\/div>\n<div data-rm-block-id=\"block-1\"><img fetchpriority=\"high\" decoding=\"async\" class=\" wp-image-30746\" src=\"https:\/\/cortesolda.com.br\/por\/wp-content\/uploads\/2025\/03\/Rebobinadeira-para-Stretch-PE-e-PVC-scaled.jpg\" alt=\"Rebobinadeira para Stretch PE e PVC\" width=\"307\" height=\"225\" srcset=\"https:\/\/cortesolda.com.br\/por\/wp-content\/uploads\/2025\/03\/Rebobinadeira-para-Stretch-PE-e-PVC-scaled.jpg 2560w, https:\/\/cortesolda.com.br\/por\/wp-content\/uploads\/2025\/03\/Rebobinadeira-para-Stretch-PE-e-PVC-400x293.jpg 400w, https:\/\/cortesolda.com.br\/por\/wp-content\/uploads\/2025\/03\/Rebobinadeira-para-Stretch-PE-e-PVC-1092x800.jpg 1092w, https:\/\/cortesolda.com.br\/por\/wp-content\/uploads\/2025\/03\/Rebobinadeira-para-Stretch-PE-e-PVC-768x563.jpg 768w, https:\/\/cortesolda.com.br\/por\/wp-content\/uploads\/2025\/03\/Rebobinadeira-para-Stretch-PE-e-PVC-1536x1126.jpg 1536w, https:\/\/cortesolda.com.br\/por\/wp-content\/uploads\/2025\/03\/Rebobinadeira-para-Stretch-PE-e-PVC-2048x1501.jpg 2048w, https:\/\/cortesolda.com.br\/por\/wp-content\/uploads\/2025\/03\/Rebobinadeira-para-Stretch-PE-e-PVC-430x315.jpg 430w, https:\/\/cortesolda.com.br\/por\/wp-content\/uploads\/2025\/03\/Rebobinadeira-para-Stretch-PE-e-PVC-700x513.jpg 700w, https:\/\/cortesolda.com.br\/por\/wp-content\/uploads\/2025\/03\/Rebobinadeira-para-Stretch-PE-e-PVC-150x110.jpg 150w\" sizes=\"(max-width: 307px) 100vw, 307px\" \/><\/div>\n<div class=\"ProductAttr-title\" data-rm-block-id=\"block-1\">\n<div id=\"attachment_30752\" style=\"width: 249px\" class=\"wp-caption alignnone\"><img decoding=\"async\" aria-describedby=\"caption-attachment-30752\" class=\" wp-image-30752\" src=\"https:\/\/cortesolda.com.br\/por\/wp-content\/uploads\/2025\/03\/Stretch-PE-e-PVC.jpg\" alt=\"Stretch PVC\" width=\"239\" height=\"158\" srcset=\"https:\/\/cortesolda.com.br\/por\/wp-content\/uploads\/2025\/03\/Stretch-PE-e-PVC.jpg 1000w, https:\/\/cortesolda.com.br\/por\/wp-content\/uploads\/2025\/03\/Stretch-PE-e-PVC-400x265.jpg 400w, https:\/\/cortesolda.com.br\/por\/wp-content\/uploads\/2025\/03\/Stretch-PE-e-PVC-768x508.jpg 768w, https:\/\/cortesolda.com.br\/por\/wp-content\/uploads\/2025\/03\/Stretch-PE-e-PVC-430x285.jpg 430w, https:\/\/cortesolda.com.br\/por\/wp-content\/uploads\/2025\/03\/Stretch-PE-e-PVC-700x463.jpg 700w, https:\/\/cortesolda.com.br\/por\/wp-content\/uploads\/2025\/03\/Stretch-PE-e-PVC-150x99.jpg 150w\" sizes=\"(max-width: 239px) 100vw, 239px\" \/><p id=\"caption-attachment-30752\" class=\"wp-caption-text\">Stretch PVC<\/p><\/div>\n<p><img decoding=\"async\" class=\" wp-image-30753\" src=\"https:\/\/cortesolda.com.br\/por\/wp-content\/uploads\/2025\/03\/Stretch-PE.jpg\" alt=\"Stretch filme PE\" width=\"244\" height=\"186\" srcset=\"https:\/\/cortesolda.com.br\/por\/wp-content\/uploads\/2025\/03\/Stretch-PE.jpg 750w, https:\/\/cortesolda.com.br\/por\/wp-content\/uploads\/2025\/03\/Stretch-PE-394x300.jpg 394w, https:\/\/cortesolda.com.br\/por\/wp-content\/uploads\/2025\/03\/Stretch-PE-430x327.jpg 430w, https:\/\/cortesolda.com.br\/por\/wp-content\/uploads\/2025\/03\/Stretch-PE-700x533.jpg 700w, https:\/\/cortesolda.com.br\/por\/wp-content\/uploads\/2025\/03\/Stretch-PE-150x114.jpg 150w\" sizes=\"(max-width: 244px) 100vw, 244px\" \/><\/p>\n<p>Stretch filme PE<\/p>\n<\/div>\n<\/div>\n<\/div>\n<div class=\"product-tab-desc\">\n<p data-rm-block-id=\"block-4\">Caracter\u00edstica:<br \/>\n1.Rebobinadeira autom\u00e1tica m\u00e1x.velocidade da m\u00e1quina a 800 Mts\/min.<br \/>\n2.Alta taxa de produ\u00e7\u00e3o e troca r\u00e1pida<br \/>\n3.Ciclo totalmente autom\u00e1tico com controle do controlador l\u00f3gico program\u00e1vel (PLC)<br \/>\n4.N\u00facleo de papel a ser encomendado a partir de 1,2,3 polegadas.<br \/>\n5.Rebobinamento de tens\u00e3o livre, nenhum alongamento ocorre durante o rebobinamento.<br \/>\n6.euPEBDfilme estir\u00e1vel, filme estir\u00e1vel em PVC, filme aderente LLDPE, filme PVC para embrulhar alimentos.<br \/>\n7.rebobinar filme de rolo grande para rolo pequeno<br \/>\n8.controle do investidorm\u00e1quina de rebobinarfez xixi, economize energia,ECOeeconomizar custos.<br \/>\n9.Largura do filme 100mm-500mm<br \/>\n10.Machine com medidor contador<br \/>\n11.A garantia \u00e9 de um ano, a m\u00e1quina pode funcionar sem parar, 24 horas por dia, 7 dias por semana.<br \/>\n12.M\u00e1quina com design simples, f\u00e1cil de operar<br \/>\n13.A m\u00e1quina \u00e9 um design econ\u00f4mico, adequado para novos iniciantes ou iniciantes<br \/>\n14.Pot\u00eancia da m\u00e1quina 220 V, 380 V, 440 V, 480 V (Personalizado com base no pedido)<br \/>\n15.Pague o servi\u00e7o p\u00f3s-venda, pode enviar o engenheiro para a f\u00e1brica do comprador, para instalar a m\u00e1quina e pagar o servi\u00e7o de treinamento.<\/p>\n<div id=\"attachment_30745\" style=\"width: 364px\" class=\"wp-caption alignnone\"><img loading=\"lazy\" decoding=\"async\" aria-describedby=\"caption-attachment-30745\" class=\" wp-image-30745\" src=\"https:\/\/cortesolda.com.br\/por\/wp-content\/uploads\/2025\/03\/Rebobinadeira-para-Stretch-PVC-e-PE.webp\" alt=\"Rebobinadeira para Stretch PVC e PE\" width=\"354\" height=\"354\" srcset=\"https:\/\/cortesolda.com.br\/por\/wp-content\/uploads\/2025\/03\/Rebobinadeira-para-Stretch-PVC-e-PE.webp 497w, https:\/\/cortesolda.com.br\/por\/wp-content\/uploads\/2025\/03\/Rebobinadeira-para-Stretch-PVC-e-PE-300x300.webp 300w, https:\/\/cortesolda.com.br\/por\/wp-content\/uploads\/2025\/03\/Rebobinadeira-para-Stretch-PVC-e-PE-150x150.webp 150w, https:\/\/cortesolda.com.br\/por\/wp-content\/uploads\/2025\/03\/Rebobinadeira-para-Stretch-PVC-e-PE-430x430.webp 430w\" sizes=\"(max-width: 354px) 100vw, 354px\" \/><p id=\"caption-attachment-30745\" class=\"wp-caption-text\"><span style=\"font-size: 16px;\">Par\u00e2metros t\u00e9cnicos principais:<\/span><\/p><\/div>\n<table>\n<tbody>\n<tr>\n<td width=\"39.0400%\" data-rm-block-id=\"block-5\">Modelo<\/td>\n<td width=\"20.3200%\" data-rm-block-id=\"block-6\">AKDRW-500<\/td>\n<td width=\"20.3200%\" data-rm-block-id=\"block-7\">AKDRW-600<\/td>\n<td width=\"20.3200%\" data-rm-block-id=\"block-8\">AKDRW-700<\/td>\n<\/tr>\n<tr>\n<td width=\"39.0400%\" data-rm-block-id=\"block-9\">Largura do filme<\/td>\n<td width=\"20.3200%\" data-rm-block-id=\"block-10\">280-500mm<\/td>\n<td width=\"20.3200%\" data-rm-block-id=\"block-11\">280-600mm<\/td>\n<td width=\"20.3200%\" data-rm-block-id=\"block-12\">300-720mm<\/td>\n<\/tr>\n<tr>\n<td width=\"39.0400%\" data-rm-block-id=\"block-13\">Largura de rebobinagem<\/td>\n<td width=\"20.3200%\" data-rm-block-id=\"block-14\">280-500mm<\/td>\n<td width=\"20.3200%\" data-rm-block-id=\"block-15\">280-600mm<\/td>\n<td width=\"20.3200%\" data-rm-block-id=\"block-16\">300-720mm<\/td>\n<\/tr>\n<tr>\n<td width=\"39.0400%\" data-rm-block-id=\"block-17\">m\u00e1x.di\u00e2metro do rolo Jumbo<\/td>\n<td width=\"20.3200%\" data-rm-block-id=\"block-18\">400mm<\/td>\n<td width=\"20.3200%\" data-rm-block-id=\"block-19\">400mm<\/td>\n<td width=\"20.3200%\" data-rm-block-id=\"block-20\">400mm<\/td>\n<\/tr>\n<tr>\n<td width=\"39.0400%\" data-rm-block-id=\"block-21\">m\u00e1x.di\u00e2metro do rolo rebobinado<\/td>\n<td width=\"20.3200%\" data-rm-block-id=\"block-22\">300mm<\/td>\n<td width=\"20.3200%\" data-rm-block-id=\"block-23\">300mm<\/td>\n<td width=\"20.3200%\" data-rm-block-id=\"block-24\">300mm<\/td>\n<\/tr>\n<tr>\n<td width=\"39.0400%\" data-rm-block-id=\"block-25\">Velocidade de rebobinagem<\/td>\n<td width=\"20.3200%\" data-rm-block-id=\"block-26\">900m\/min<\/td>\n<td width=\"20.3200%\" data-rm-block-id=\"block-27\">900m\/min<\/td>\n<td width=\"20.3200%\" data-rm-block-id=\"block-28\">900m\/min<\/td>\n<\/tr>\n<tr>\n<td width=\"39.0400%\" data-rm-block-id=\"block-29\">troca de enrolador<\/td>\n<td colspan=\"3\" width=\"60.9600%\" data-rm-block-id=\"block-30\">Autom\u00e1tico<\/td>\n<\/tr>\n<tr>\n<td width=\"39.0400%\" data-rm-block-id=\"block-31\">Tamanho do n\u00facleo do desbobinador<\/td>\n<td colspan=\"3\" width=\"60.9600%\" data-rm-block-id=\"block-32\">3\u201d<\/td>\n<\/tr>\n<tr>\n<td width=\"39.0400%\" data-rm-block-id=\"block-33\">Tamanho do n\u00facleo do rebobinador<\/td>\n<td colspan=\"3\" width=\"60.9600%\" data-rm-block-id=\"block-34\">1-3&#8243;<\/td>\n<\/tr>\n<tr>\n<td width=\"39.0400%\" data-rm-block-id=\"block-35\">Transportador e empilhador<\/td>\n<td colspan=\"3\" width=\"60.9600%\" data-rm-block-id=\"block-36\">Dispositivo opcional<\/td>\n<\/tr>\n<tr>\n<td width=\"39.0400%\" data-rm-block-id=\"block-37\">Tens\u00e3o de energia<\/td>\n<td colspan=\"3\" width=\"60.9600%\" data-rm-block-id=\"block-38\">220V,380V,440V<\/td>\n<\/tr>\n<tr>\n<td width=\"39.0400%\" data-rm-block-id=\"block-39\">Tempo de trabalho da m\u00e1quina<\/td>\n<td colspan=\"3\" width=\"60.9600%\" data-rm-block-id=\"block-40\">24 horas*7<\/td>\n<\/tr>\n<tr>\n<td width=\"39.0400%\" data-rm-block-id=\"block-41\">Di\u00e2metro do N\u00facleo de Material<\/td>\n<td colspan=\"3\" width=\"60.9600%\" data-rm-block-id=\"block-42\">76mm (3 polegadas)<\/td>\n<\/tr>\n<tr>\n<td width=\"39.0400%\" data-rm-block-id=\"block-43\">garantia<\/td>\n<td colspan=\"3\" width=\"60.9600%\" data-rm-block-id=\"block-44\">1 ano<\/td>\n<\/tr>\n<tr>\n<td width=\"39.0400%\" data-rm-block-id=\"block-45\">Assist\u00eancia t\u00e9cnica<\/td>\n<td colspan=\"3\" width=\"60.9600%\" data-rm-block-id=\"block-46\">Engenheiros dispon\u00edveis para atender m\u00e1quinas no exterior<\/td>\n<\/tr>\n<\/tbody>\n<\/table>\n<p>\u203bAs especifica\u00e7\u00f5es corretas dependem do modelo real.Todas as especifica\u00e7\u00f5es est\u00e3o sujeitas a altera\u00e7\u00f5es sem aviso pr\u00e9vio.<\/p>\n<p>Envio de m\u00e1quina de filme stretch<\/p>\n<p><img loading=\"lazy\" decoding=\"async\" class=\"size-full wp-image-30744\" src=\"https:\/\/cortesolda.com.br\/por\/wp-content\/uploads\/2025\/03\/Extrusora-de-stretch-film.webp\" alt=\"Extrusora de stretch film\" width=\"497\" height=\"497\" srcset=\"https:\/\/cortesolda.com.br\/por\/wp-content\/uploads\/2025\/03\/Extrusora-de-stretch-film.webp 497w, https:\/\/cortesolda.com.br\/por\/wp-content\/uploads\/2025\/03\/Extrusora-de-stretch-film-300x300.webp 300w, https:\/\/cortesolda.com.br\/por\/wp-content\/uploads\/2025\/03\/Extrusora-de-stretch-film-150x150.webp 150w, https:\/\/cortesolda.com.br\/por\/wp-content\/uploads\/2025\/03\/Extrusora-de-stretch-film-430x430.webp 430w\" sizes=\"(max-width: 497px) 100vw, 497px\" \/><\/p>\n<p>Nosso principal parceiro de pe\u00e7as \u00e9 a seguinte marca, mas as pe\u00e7as padr\u00e3o s\u00e3o todas fabricadas na China.<\/p>\n<div class=\"product-tab-desc\">\n<div id=\"attachment_30678\" class=\"wp-caption alignnone\">\n<p><img loading=\"lazy\" decoding=\"async\" class=\" wp-image-30678\" src=\"https:\/\/cortesolda.com.br\/por\/wp-content\/uploads\/2025\/03\/Nosso-principal-parceiro-de-pecas-e-a-seguinte-marca.jpg\" sizes=\"(max-width: 465px) 100vw, 465px\" srcset=\"https:\/\/cortesolda.com.br\/por\/wp-content\/uploads\/2025\/03\/Nosso-principal-parceiro-de-pecas-e-a-seguinte-marca.jpg 875w, https:\/\/cortesolda.com.br\/por\/wp-content\/uploads\/2025\/03\/Nosso-principal-parceiro-de-pecas-e-a-seguinte-marca-400x230.jpg 400w, https:\/\/cortesolda.com.br\/por\/wp-content\/uploads\/2025\/03\/Nosso-principal-parceiro-de-pecas-e-a-seguinte-marca-768x442.jpg 768w, https:\/\/cortesolda.com.br\/por\/wp-content\/uploads\/2025\/03\/Nosso-principal-parceiro-de-pecas-e-a-seguinte-marca-430x248.jpg 430w, https:\/\/cortesolda.com.br\/por\/wp-content\/uploads\/2025\/03\/Nosso-principal-parceiro-de-pecas-e-a-seguinte-marca-700x403.jpg 700w, https:\/\/cortesolda.com.br\/por\/wp-content\/uploads\/2025\/03\/Nosso-principal-parceiro-de-pecas-e-a-seguinte-marca-150x86.jpg 150w\" alt=\"Nosso principal parceiro de pe\u00e7as \u00e9 a seguinte marca\" width=\"465\" height=\"268\" aria-describedby=\"caption-attachment-30678\" \/><\/p>\n<p id=\"caption-attachment-30678\" class=\"wp-caption-text\">Fornecedores de mat\u00e9ria-prima de polietileno<\/p>\n<\/div>\n<\/div>\n<div id=\"attachment_30728\" class=\"wp-caption alignnone\">\n<p><img loading=\"lazy\" decoding=\"async\" class=\"size-full wp-image-30728\" src=\"https:\/\/cortesolda.com.br\/por\/wp-content\/uploads\/2025\/03\/Fornecedores-de-materia-prima-de-polietileno.jpg\" sizes=\"(max-width: 400px) 100vw, 400px\" srcset=\"https:\/\/cortesolda.com.br\/por\/wp-content\/uploads\/2025\/03\/Fornecedores-de-materia-prima-de-polietileno.jpg 400w, https:\/\/cortesolda.com.br\/por\/wp-content\/uploads\/2025\/03\/Fornecedores-de-materia-prima-de-polietileno-300x300.jpg 300w, https:\/\/cortesolda.com.br\/por\/wp-content\/uploads\/2025\/03\/Fornecedores-de-materia-prima-de-polietileno-150x150.jpg 150w\" alt=\"Fornecedores de mat\u00e9ria prima de polietileno\" width=\"400\" height=\"400\" aria-describedby=\"caption-attachment-30728\" \/><\/p>\n<p id=\"caption-attachment-30728\" class=\"wp-caption-text\">f\u00e1brica do cliente<\/p>\n<\/div>\n<div class=\"product-tab-desc\">\n<div id=\"attachment_29712\" class=\"wp-caption alignnone\" data-rm-block-id=\"block-60\">\n<div id=\"attachment_30680\" class=\"wp-caption alignnone\">\n<p><img loading=\"lazy\" decoding=\"async\" class=\" wp-image-30680\" src=\"https:\/\/cortesolda.com.br\/por\/wp-content\/uploads\/2025\/03\/fornecedor-de-pecas-plasticas-para-maquinas.webp\" sizes=\"(max-width: 466px) 100vw, 466px\" srcset=\"https:\/\/cortesolda.com.br\/por\/wp-content\/uploads\/2025\/03\/fornecedor-de-pecas-plasticas-para-maquinas.webp 497w, https:\/\/cortesolda.com.br\/por\/wp-content\/uploads\/2025\/03\/fornecedor-de-pecas-plasticas-para-maquinas-300x300.webp 300w, https:\/\/cortesolda.com.br\/por\/wp-content\/uploads\/2025\/03\/fornecedor-de-pecas-plasticas-para-maquinas-150x150.webp 150w, https:\/\/cortesolda.com.br\/por\/wp-content\/uploads\/2025\/03\/fornecedor-de-pecas-plasticas-para-maquinas-430x430.webp 430w\" alt=\"fornecedor de pe\u00e7as pl\u00e1sticas para m\u00e1quinas\" width=\"466\" height=\"466\" aria-describedby=\"caption-attachment-30680\" \/><\/p>\n<p id=\"caption-attachment-30680\" class=\"wp-caption-text\">f\u00e1brica do cliente<\/p>\n<\/div>\n<\/div>\n<div id=\"attachment_29712\" class=\"wp-caption alignnone\" data-rm-block-id=\"block-61\">\n<div id=\"attachment_30681\" class=\"wp-caption alignnone\">\n<p><img loading=\"lazy\" decoding=\"async\" class=\"size-full wp-image-30681\" src=\"https:\/\/cortesolda.com.br\/por\/wp-content\/uploads\/2025\/03\/fabrica-do-cliente.webp\" sizes=\"(max-width: 467px) 100vw, 467px\" srcset=\"https:\/\/cortesolda.com.br\/por\/wp-content\/uploads\/2025\/03\/fabrica-do-cliente.webp 467w, https:\/\/cortesolda.com.br\/por\/wp-content\/uploads\/2025\/03\/fabrica-do-cliente-296x300.webp 296w, https:\/\/cortesolda.com.br\/por\/wp-content\/uploads\/2025\/03\/fabrica-do-cliente-430x436.webp 430w, https:\/\/cortesolda.com.br\/por\/wp-content\/uploads\/2025\/03\/fabrica-do-cliente-150x152.webp 150w\" alt=\"f\u00e1brica do cliente \" width=\"467\" height=\"474\" aria-describedby=\"caption-attachment-30681\" \/><\/p>\n<p id=\"caption-attachment-30681\" class=\"wp-caption-text\">m\u00e1quinas exportadas para todo o mundo.<\/p>\n<\/div>\n<\/div>\n<div id=\"attachment_29719\" class=\"wp-caption alignnone\" data-rm-block-id=\"block-62\">\n<div id=\"attachment_30682\" class=\"wp-caption alignnone\">\n<p><img loading=\"lazy\" decoding=\"async\" class=\" wp-image-30682\" src=\"https:\/\/cortesolda.com.br\/por\/wp-content\/uploads\/2025\/03\/maquinas-exportadas-para-todo-o-mundo.webp\" sizes=\"(max-width: 468px) 100vw, 468px\" srcset=\"https:\/\/cortesolda.com.br\/por\/wp-content\/uploads\/2025\/03\/maquinas-exportadas-para-todo-o-mundo.webp 800w, https:\/\/cortesolda.com.br\/por\/wp-content\/uploads\/2025\/03\/maquinas-exportadas-para-todo-o-mundo-400x202.webp 400w, https:\/\/cortesolda.com.br\/por\/wp-content\/uploads\/2025\/03\/maquinas-exportadas-para-todo-o-mundo-768x387.webp 768w, https:\/\/cortesolda.com.br\/por\/wp-content\/uploads\/2025\/03\/maquinas-exportadas-para-todo-o-mundo-430x217.webp 430w, https:\/\/cortesolda.com.br\/por\/wp-content\/uploads\/2025\/03\/maquinas-exportadas-para-todo-o-mundo-700x353.webp 700w, https:\/\/cortesolda.com.br\/por\/wp-content\/uploads\/2025\/03\/maquinas-exportadas-para-todo-o-mundo-150x76.webp 150w\" alt=\"m\u00e1quinas exportadas para todo o mundo.\" width=\"468\" height=\"236\" aria-describedby=\"caption-attachment-30682\" \/><\/p>\n<p id=\"caption-attachment-30682\" class=\"wp-caption-text\">Processo de produ\u00e7\u00e3o de sacolas pl\u00e1sticas<\/p>\n<\/div>\n<\/div>\n<div id=\"attachment_29720\" class=\"wp-caption alignnone\">\n<p data-rm-block-id=\"block-63\"><img loading=\"lazy\" decoding=\"async\" class=\" wp-image-30683\" src=\"https:\/\/cortesolda.com.br\/por\/wp-content\/uploads\/2025\/03\/Processo-de-producao-de-sacolas-plasticas.webp\" sizes=\"(max-width: 467px) 100vw, 467px\" srcset=\"https:\/\/cortesolda.com.br\/por\/wp-content\/uploads\/2025\/03\/Processo-de-producao-de-sacolas-plasticas.webp 1038w, https:\/\/cortesolda.com.br\/por\/wp-content\/uploads\/2025\/03\/Processo-de-producao-de-sacolas-plasticas-315x300.webp 315w, https:\/\/cortesolda.com.br\/por\/wp-content\/uploads\/2025\/03\/Processo-de-producao-de-sacolas-plasticas-840x800.webp 840w, https:\/\/cortesolda.com.br\/por\/wp-content\/uploads\/2025\/03\/Processo-de-producao-de-sacolas-plasticas-768x732.webp 768w, https:\/\/cortesolda.com.br\/por\/wp-content\/uploads\/2025\/03\/Processo-de-producao-de-sacolas-plasticas-430x410.webp 430w, https:\/\/cortesolda.com.br\/por\/wp-content\/uploads\/2025\/03\/Processo-de-producao-de-sacolas-plasticas-700x667.webp 700w, https:\/\/cortesolda.com.br\/por\/wp-content\/uploads\/2025\/03\/Processo-de-producao-de-sacolas-plasticas-150x143.webp 150w\" alt=\"Processo de produ\u00e7\u00e3o de sacolas pl\u00e1sticas\" width=\"467\" height=\"445\" \/><\/p>\n<\/div>\n<\/div>\n<\/div>\n<\/div>\n","protected":false},"excerpt":{"rendered":"<p>A m\u00e1quina autom\u00e1tica de rebobinagem de filme estir\u00e1vel \u00e9 adequada para rebobinar filme estir\u00e1vel PE, filme pl\u00e1stico para alimentos em PVC e filme estir\u00e1vel em PVC.<\/p>\n","protected":false},"featured_media":30185,"comment_status":"closed","ping_status":"closed","template":"","meta":{"_acf_changed":false,"_oss_video_url":""},"product_brand":[],"product_cat":[86,82],"product_tag":[],"class_list":{"0":"post-30183","1":"product","2":"type-product","3":"status-publish","4":"has-post-thumbnail","6":"product_cat-extrusora-para-filme-stretch","7":"product_cat-rebobinadeira","9":"first","10":"instock","11":"shipping-taxable","12":"product-type-simple"},"acf":[],"_links":{"self":[{"href":"https:\/\/cortesolda.com.br\/por\/wp-json\/wp\/v2\/product\/30183","targetHints":{"allow":["GET"]}}],"collection":[{"href":"https:\/\/cortesolda.com.br\/por\/wp-json\/wp\/v2\/product"}],"about":[{"href":"https:\/\/cortesolda.com.br\/por\/wp-json\/wp\/v2\/types\/product"}],"replies":[{"embeddable":true,"href":"https:\/\/cortesolda.com.br\/por\/wp-json\/wp\/v2\/comments?post=30183"}],"version-history":[{"count":0,"href":"https:\/\/cortesolda.com.br\/por\/wp-json\/wp\/v2\/product\/30183\/revisions"}],"wp:featuredmedia":[{"embeddable":true,"href":"https:\/\/cortesolda.com.br\/por\/wp-json\/wp\/v2\/media\/30185"}],"wp:attachment":[{"href":"https:\/\/cortesolda.com.br\/por\/wp-json\/wp\/v2\/media?parent=30183"}],"wp:term":[{"taxonomy":"product_brand","embeddable":true,"href":"https:\/\/cortesolda.com.br\/por\/wp-json\/wp\/v2\/product_brand?post=30183"},{"taxonomy":"product_cat","embeddable":true,"href":"https:\/\/cortesolda.com.br\/por\/wp-json\/wp\/v2\/product_cat?post=30183"},{"taxonomy":"product_tag","embeddable":true,"href":"https:\/\/cortesolda.com.br\/por\/wp-json\/wp\/v2\/product_tag?post=30183"}],"curies":[{"name":"wp","href":"https:\/\/api.w.org\/{rel}","templated":true}]}}