{"id":30245,"date":"2025-03-28T15:45:45","date_gmt":"2025-03-28T07:45:45","guid":{"rendered":"https:\/\/hotpink-lyrebird-701956.hostingersite.com\/?post_type=product&#038;p=30245"},"modified":"2025-07-06T11:27:50","modified_gmt":"2025-07-06T03:27:50","slug":"paper-slitting-machine","status":"publish","type":"product","link":"https:\/\/cortesolda.com.br\/por\/rebobinadeira-plasticas-film-bopp-papel","title":{"rendered":"Rebobinadeira plasticas film BOPP Papel"},"content":{"rendered":"<div id=\"tab-desc\" class=\"tab-pane active\" role=\"tabpanel\">\n<div class=\"product-tab-desc\">\n<p><strong>Rebobinadeira plasticas film BOPP Papel Caracter\u00edstica:<\/strong><\/p>\n<p>rolo de papelsm\u00e1quina de assentamentoterno para cortar rololistapapel, filme PET, filme de PVC,filme LDEP, filme HDPEe outro filme pl\u00e1stico.<\/p>\n<p>Maindacontrole de velocidade por inversor, equipar comcontrole autom\u00e1tico de tens\u00e3o, conta do medidor, enrolador de superf\u00edcie, terno para corte de papel.<\/p>\n<p><strong>\u00a0<img fetchpriority=\"high\" decoding=\"async\" class=\"\" src=\"https:\/\/shopic.mcmcclass.com\/20211214012611286735927.jpg\" alt=\"paper roller slitter machine.jpg\" width=\"289\" height=\"289\" \/><\/strong><\/p>\n<p>Caracter\u00edstica:<br \/>\n1.para papel,PEBD filme,CPP filme,LDPE Filme, filme BOPP, filme PP, filme PET.<br \/>\n2.inverter controlem\u00e1quina de cortevelocidade, economize energia e ECO, economize custos.<br \/>\n3.Largura do filme600mm-1200mm.<br \/>\n4.m\u00e1quina com controle autom\u00e1tico de tens\u00e3o e posi\u00e7\u00e3o de bordaeuem contFun\u00e7\u00e3o.<br \/>\n5.O eixo de desenrolamento infl\u00e1vel de ar duplo pode substituir o material rapidamente.<br \/>\n6.O rolamento de material adota o rolamento de superf\u00edcie, papel ou filme estreito de corte f\u00e1cil.<br \/>\n7.A garantia \u00e9 de um ano,<br \/>\n8.M\u00e1quina com design simples, f\u00e1cil de operar<\/p>\n<p><img decoding=\"async\" src=\"https:\/\/shopic.mcmcclass.com\/20211214012611404830927.jpg\" alt=\"Drawing of slitting machine.jpg\" \/><\/p>\n<p>Principais Vari\u00e1veis T\u00e9cnicas:<\/p>\n<table>\n<tbody>\n<tr>\n<td width=\"127\">Modelo<\/td>\n<td width=\"191\">BFQ-600<\/td>\n<td width=\"157\">BFQ-800<\/td>\n<td width=\"151\">BFQ-1000<\/td>\n<\/tr>\n<tr>\n<td width=\"127\">M\u00e1x. Largura do Rolo M\u00e3e<\/td>\n<td width=\"191\">600 mm<\/td>\n<td width=\"157\">800 mm<\/td>\n<td width=\"151\">1000mm<\/td>\n<\/tr>\n<tr>\n<td width=\"127\">M\u00e1x. Di\u00e2metro do rolo m\u00e3e<\/td>\n<td width=\"191\">\u0444600mm<\/td>\n<td width=\"157\">\u0444600mm<\/td>\n<td width=\"151\">\u0444600mm<\/td>\n<\/tr>\n<tr>\n<td width=\"127\">Material<\/td>\n<td colspan=\"3\" width=\"502\">Papel, HDPE, LDPE, LLDPE, PET, BOPP, OPP, filme CPP<\/td>\n<\/tr>\n<tr>\n<td width=\"127\">Largura do rolo final<\/td>\n<td width=\"191\">20~600mm<\/td>\n<td width=\"157\">20~800mm<\/td>\n<td width=\"151\">20~1000mm<\/td>\n<\/tr>\n<tr>\n<td width=\"127\">Velocidade de corte e rebobinagem<\/td>\n<td width=\"191\">5~120m\/min<\/td>\n<td width=\"157\">5~120m\/min<\/td>\n<td width=\"151\">5~120m\/min<\/td>\n<\/tr>\n<tr>\n<td width=\"127\">Toler\u00e2ncia do EPC<\/td>\n<td width=\"191\">\uff1c\u00b10,5mm<\/td>\n<td width=\"157\">\uff1c\u00b10,5mm<\/td>\n<td width=\"151\">\uff1c\u00b10,5mm<\/td>\n<\/tr>\n<tr>\n<td width=\"127\">Poder total<\/td>\n<td width=\"191\">2,2Kw<\/td>\n<td width=\"157\">3 Kw<\/td>\n<td width=\"151\">3 Kw<\/td>\n<\/tr>\n<tr>\n<td width=\"127\">Peso da M\u00e1quina<\/td>\n<td width=\"191\">1200kg<\/td>\n<td width=\"157\">1400kg<\/td>\n<td width=\"151\">1600kg<\/td>\n<\/tr>\n<tr>\n<td width=\"127\">Dimens\u00e3o global<\/td>\n<td width=\"191\">19\u00d710\u00d713cm<\/td>\n<td width=\"157\">23\u00d710\u00d713cm<\/td>\n<td width=\"151\">25\u00d710\u00d713cm<\/td>\n<\/tr>\n<tr>\n<td width=\"127\">Tens\u00e3o de Energia<\/td>\n<td colspan=\"3\" width=\"502\">220V,380V,440V,480V (Personalizado com base no pedido, Por exemplo: EUA 480V 60Hz, M\u00e9xico 440V\/220V 60Hz, Ar\u00e1bia Saudita 380V 60Hz, Nig\u00e9ria 415V 50Hz&#8230;)<\/td>\n<\/tr>\n<tr>\n<td width=\"127\">Di\u00e2metro do n\u00facleo do material<\/td>\n<td colspan=\"3\" width=\"502\">76mm (3 polegadas)<\/td>\n<\/tr>\n<tr>\n<td width=\"127\">Tempo de trabalho da m\u00e1quina<\/td>\n<td colspan=\"3\" width=\"502\">24 horas * 7 dias<\/td>\n<\/tr>\n<tr>\n<td width=\"127\">garantia<\/td>\n<td colspan=\"3\" width=\"502\">1 ano<\/td>\n<\/tr>\n<tr>\n<td width=\"127\">Assist\u00eancia t\u00e9cnica<\/td>\n<td colspan=\"3\" width=\"502\">Engenheiros dispon\u00edveis para atender m\u00e1quinas no exterior<\/td>\n<\/tr>\n<\/tbody>\n<\/table>\n<p>\u203bAs especifica\u00e7\u00f5es corretas dependem do modelo real.Todas as especifica\u00e7\u00f5es est\u00e3o sujeitas a altera\u00e7\u00f5es sem aviso pr\u00e9vio.<\/p>\n<div id=\"attachment_30702\" style=\"width: 507px\" class=\"wp-caption alignnone\"><img decoding=\"async\" aria-describedby=\"caption-attachment-30702\" class=\"size-full wp-image-30702\" src=\"https:\/\/cortesolda.com.br\/por\/wp-content\/uploads\/2025\/03\/BOPP-filme-papel.webp\" alt=\"BOPP filme papel\" width=\"497\" height=\"497\" srcset=\"https:\/\/cortesolda.com.br\/por\/wp-content\/uploads\/2025\/03\/BOPP-filme-papel.webp 497w, https:\/\/cortesolda.com.br\/por\/wp-content\/uploads\/2025\/03\/BOPP-filme-papel-300x300.webp 300w, https:\/\/cortesolda.com.br\/por\/wp-content\/uploads\/2025\/03\/BOPP-filme-papel-150x150.webp 150w, https:\/\/cortesolda.com.br\/por\/wp-content\/uploads\/2025\/03\/BOPP-filme-papel-430x430.webp 430w\" sizes=\"(max-width: 497px) 100vw, 497px\" \/><p id=\"caption-attachment-30702\" class=\"wp-caption-text\">BOPP filme papel<\/p><\/div>\n<p><strong>\u203bAs especifica\u00e7\u00f5es corretas dependem do modelo real.Todas as especifica\u00e7\u00f5es est\u00e3o sujeitas a altera\u00e7\u00f5es sem aviso pr\u00e9vio.<\/strong><\/p>\n<div id=\"attachment_30698\" style=\"width: 507px\" class=\"wp-caption alignnone\"><img decoding=\"async\" aria-describedby=\"caption-attachment-30698\" class=\"size-full wp-image-30698\" src=\"https:\/\/cortesolda.com.br\/por\/wp-content\/uploads\/2025\/03\/Rebobinadeira-plasticas-filme-BOPP-PET-PVC-CPP-CPE.webp\" alt=\"Rebobinadeira plasticas filme BOPP PET PVC CPP CPE\" width=\"497\" height=\"497\" srcset=\"https:\/\/cortesolda.com.br\/por\/wp-content\/uploads\/2025\/03\/Rebobinadeira-plasticas-filme-BOPP-PET-PVC-CPP-CPE.webp 497w, https:\/\/cortesolda.com.br\/por\/wp-content\/uploads\/2025\/03\/Rebobinadeira-plasticas-filme-BOPP-PET-PVC-CPP-CPE-300x300.webp 300w, https:\/\/cortesolda.com.br\/por\/wp-content\/uploads\/2025\/03\/Rebobinadeira-plasticas-filme-BOPP-PET-PVC-CPP-CPE-150x150.webp 150w, https:\/\/cortesolda.com.br\/por\/wp-content\/uploads\/2025\/03\/Rebobinadeira-plasticas-filme-BOPP-PET-PVC-CPP-CPE-430x430.webp 430w\" sizes=\"(max-width: 497px) 100vw, 497px\" \/><p id=\"caption-attachment-30698\" class=\"wp-caption-text\">Rebobinadeira plasticas filme BOPP PET PVC CPP CPE<\/p><\/div>\n<div id=\"attachment_30697\" style=\"width: 507px\" class=\"wp-caption alignnone\"><img loading=\"lazy\" decoding=\"async\" aria-describedby=\"caption-attachment-30697\" class=\"size-full wp-image-30697\" src=\"https:\/\/cortesolda.com.br\/por\/wp-content\/uploads\/2025\/03\/Rebobinadeira-plasticas-filme-BOPP-PET-PVC-CPP-CPE-papel.webp\" alt=\"Rebobinadeira plasticas filme BOPP PET PVC CPP CPE papel\" width=\"497\" height=\"497\" srcset=\"https:\/\/cortesolda.com.br\/por\/wp-content\/uploads\/2025\/03\/Rebobinadeira-plasticas-filme-BOPP-PET-PVC-CPP-CPE-papel.webp 497w, https:\/\/cortesolda.com.br\/por\/wp-content\/uploads\/2025\/03\/Rebobinadeira-plasticas-filme-BOPP-PET-PVC-CPP-CPE-papel-300x300.webp 300w, https:\/\/cortesolda.com.br\/por\/wp-content\/uploads\/2025\/03\/Rebobinadeira-plasticas-filme-BOPP-PET-PVC-CPP-CPE-papel-150x150.webp 150w, https:\/\/cortesolda.com.br\/por\/wp-content\/uploads\/2025\/03\/Rebobinadeira-plasticas-filme-BOPP-PET-PVC-CPP-CPE-papel-430x430.webp 430w\" sizes=\"(max-width: 497px) 100vw, 497px\" \/><p id=\"caption-attachment-30697\" class=\"wp-caption-text\">Rebobinadeira plasticas filme BOPP PET PVC CPP CPE papel<\/p><\/div>\n<div id=\"attachment_30696\" style=\"width: 507px\" class=\"wp-caption alignnone\"><img loading=\"lazy\" decoding=\"async\" aria-describedby=\"caption-attachment-30696\" class=\"size-full wp-image-30696\" src=\"https:\/\/cortesolda.com.br\/por\/wp-content\/uploads\/2025\/03\/Rebobinadeira-plasticas-filme-BOPP-PET-CPP-CPE-PVC.webp\" alt=\"Rebobinadeira plasticas filme BOPP PET CPP CPE PVC\" width=\"497\" height=\"497\" srcset=\"https:\/\/cortesolda.com.br\/por\/wp-content\/uploads\/2025\/03\/Rebobinadeira-plasticas-filme-BOPP-PET-CPP-CPE-PVC.webp 497w, https:\/\/cortesolda.com.br\/por\/wp-content\/uploads\/2025\/03\/Rebobinadeira-plasticas-filme-BOPP-PET-CPP-CPE-PVC-300x300.webp 300w, https:\/\/cortesolda.com.br\/por\/wp-content\/uploads\/2025\/03\/Rebobinadeira-plasticas-filme-BOPP-PET-CPP-CPE-PVC-150x150.webp 150w, https:\/\/cortesolda.com.br\/por\/wp-content\/uploads\/2025\/03\/Rebobinadeira-plasticas-filme-BOPP-PET-CPP-CPE-PVC-430x430.webp 430w\" sizes=\"(max-width: 497px) 100vw, 497px\" \/><p id=\"caption-attachment-30696\" class=\"wp-caption-text\">Rebobinadeira plasticas filme BOPP PET CPP CPE PVC<\/p><\/div>\n<div id=\"attachment_30700\" style=\"width: 493px\" class=\"wp-caption alignnone\"><img loading=\"lazy\" decoding=\"async\" aria-describedby=\"caption-attachment-30700\" class=\" wp-image-30700\" src=\"https:\/\/cortesolda.com.br\/por\/wp-content\/uploads\/2025\/03\/maquinas-exportadas-para-todo-o-mundo-1.webp\" alt=\"m\u00e1quinas exportadas para todo o mundo.\" width=\"483\" height=\"320\" srcset=\"https:\/\/cortesolda.com.br\/por\/wp-content\/uploads\/2025\/03\/maquinas-exportadas-para-todo-o-mundo-1.webp 700w, https:\/\/cortesolda.com.br\/por\/wp-content\/uploads\/2025\/03\/maquinas-exportadas-para-todo-o-mundo-1-400x265.webp 400w, https:\/\/cortesolda.com.br\/por\/wp-content\/uploads\/2025\/03\/maquinas-exportadas-para-todo-o-mundo-1-430x285.webp 430w, https:\/\/cortesolda.com.br\/por\/wp-content\/uploads\/2025\/03\/maquinas-exportadas-para-todo-o-mundo-1-150x99.webp 150w\" sizes=\"(max-width: 483px) 100vw, 483px\" \/><p id=\"caption-attachment-30700\" class=\"wp-caption-text\">m\u00e1quinas exportadas para todo o mundo.<\/p><\/div>\n<p>Se voc\u00ea comprar apenas uma m\u00e1quina, n\u00f3s a embalaremos em fardos de madeira e a carregaremos em um cont\u00eainer de carga fracionada (LCL).<\/p>\n<p><img loading=\"lazy\" decoding=\"async\" class=\" wp-image-30677\" src=\"https:\/\/cortesolda.com.br\/por\/wp-content\/uploads\/2025\/03\/pacote-de-madeira.jpg\" alt=\"pacote de madeira\" width=\"462\" height=\"341\" srcset=\"https:\/\/cortesolda.com.br\/por\/wp-content\/uploads\/2025\/03\/pacote-de-madeira.jpg 768w, https:\/\/cortesolda.com.br\/por\/wp-content\/uploads\/2025\/03\/pacote-de-madeira-400x295.jpg 400w, https:\/\/cortesolda.com.br\/por\/wp-content\/uploads\/2025\/03\/pacote-de-madeira-430x317.jpg 430w, https:\/\/cortesolda.com.br\/por\/wp-content\/uploads\/2025\/03\/pacote-de-madeira-700x517.jpg 700w, https:\/\/cortesolda.com.br\/por\/wp-content\/uploads\/2025\/03\/pacote-de-madeira-150x111.jpg 150w\" sizes=\"(max-width: 462px) 100vw, 462px\" \/><\/p>\n<p>Nosso principal parceiro de pe\u00e7as \u00e9 a seguinte marca, mas as pe\u00e7as padr\u00e3o s\u00e3o todas fabricadas na China.<\/p>\n<div id=\"attachment_30678\" style=\"width: 475px\" class=\"wp-caption alignnone\"><img loading=\"lazy\" decoding=\"async\" aria-describedby=\"caption-attachment-30678\" class=\" wp-image-30678\" src=\"https:\/\/cortesolda.com.br\/por\/wp-content\/uploads\/2025\/03\/Nosso-principal-parceiro-de-pecas-e-a-seguinte-marca.jpg\" alt=\"Nosso principal parceiro de pe\u00e7as \u00e9 a seguinte marca\" width=\"465\" height=\"268\" srcset=\"https:\/\/cortesolda.com.br\/por\/wp-content\/uploads\/2025\/03\/Nosso-principal-parceiro-de-pecas-e-a-seguinte-marca.jpg 875w, https:\/\/cortesolda.com.br\/por\/wp-content\/uploads\/2025\/03\/Nosso-principal-parceiro-de-pecas-e-a-seguinte-marca-400x230.jpg 400w, https:\/\/cortesolda.com.br\/por\/wp-content\/uploads\/2025\/03\/Nosso-principal-parceiro-de-pecas-e-a-seguinte-marca-768x442.jpg 768w, https:\/\/cortesolda.com.br\/por\/wp-content\/uploads\/2025\/03\/Nosso-principal-parceiro-de-pecas-e-a-seguinte-marca-430x248.jpg 430w, https:\/\/cortesolda.com.br\/por\/wp-content\/uploads\/2025\/03\/Nosso-principal-parceiro-de-pecas-e-a-seguinte-marca-700x403.jpg 700w, https:\/\/cortesolda.com.br\/por\/wp-content\/uploads\/2025\/03\/Nosso-principal-parceiro-de-pecas-e-a-seguinte-marca-150x86.jpg 150w\" sizes=\"(max-width: 465px) 100vw, 465px\" \/><p id=\"caption-attachment-30678\" class=\"wp-caption-text\">fornecedor de pe\u00e7as pl\u00e1sticas para m\u00e1quinas<\/p><\/div>\n<div id=\"attachment_29712\" class=\"wp-caption alignnone\">\n<div id=\"attachment_30680\" style=\"width: 476px\" class=\"wp-caption alignnone\"><img loading=\"lazy\" decoding=\"async\" aria-describedby=\"caption-attachment-30680\" class=\" wp-image-30680\" src=\"https:\/\/cortesolda.com.br\/por\/wp-content\/uploads\/2025\/03\/fornecedor-de-pecas-plasticas-para-maquinas.webp\" alt=\"fornecedor de pe\u00e7as pl\u00e1sticas para m\u00e1quinas\" width=\"466\" height=\"466\" srcset=\"https:\/\/cortesolda.com.br\/por\/wp-content\/uploads\/2025\/03\/fornecedor-de-pecas-plasticas-para-maquinas.webp 497w, https:\/\/cortesolda.com.br\/por\/wp-content\/uploads\/2025\/03\/fornecedor-de-pecas-plasticas-para-maquinas-300x300.webp 300w, https:\/\/cortesolda.com.br\/por\/wp-content\/uploads\/2025\/03\/fornecedor-de-pecas-plasticas-para-maquinas-150x150.webp 150w, https:\/\/cortesolda.com.br\/por\/wp-content\/uploads\/2025\/03\/fornecedor-de-pecas-plasticas-para-maquinas-430x430.webp 430w\" sizes=\"(max-width: 466px) 100vw, 466px\" \/><p id=\"caption-attachment-30680\" class=\"wp-caption-text\">f\u00e1brica do cliente<\/p><\/div>\n<\/div>\n<div id=\"attachment_29712\" class=\"wp-caption alignnone\">\n<div id=\"attachment_30681\" style=\"width: 477px\" class=\"wp-caption alignnone\"><img loading=\"lazy\" decoding=\"async\" aria-describedby=\"caption-attachment-30681\" class=\"size-full wp-image-30681\" src=\"https:\/\/cortesolda.com.br\/por\/wp-content\/uploads\/2025\/03\/fabrica-do-cliente.webp\" alt=\"f\u00e1brica do cliente \" width=\"467\" height=\"474\" srcset=\"https:\/\/cortesolda.com.br\/por\/wp-content\/uploads\/2025\/03\/fabrica-do-cliente.webp 467w, https:\/\/cortesolda.com.br\/por\/wp-content\/uploads\/2025\/03\/fabrica-do-cliente-296x300.webp 296w, https:\/\/cortesolda.com.br\/por\/wp-content\/uploads\/2025\/03\/fabrica-do-cliente-430x436.webp 430w, https:\/\/cortesolda.com.br\/por\/wp-content\/uploads\/2025\/03\/fabrica-do-cliente-150x152.webp 150w\" sizes=\"(max-width: 467px) 100vw, 467px\" \/><p id=\"caption-attachment-30681\" class=\"wp-caption-text\"><span style=\"font-size: 16px;\">m\u00e1quinas exportadas para todo o mundo.<\/span><\/p><\/div>\n<\/div>\n<div id=\"attachment_29719\" class=\"wp-caption alignnone\">\n<div id=\"attachment_30682\" style=\"width: 478px\" class=\"wp-caption alignnone\"><img loading=\"lazy\" decoding=\"async\" aria-describedby=\"caption-attachment-30682\" class=\" wp-image-30682\" src=\"https:\/\/cortesolda.com.br\/por\/wp-content\/uploads\/2025\/03\/maquinas-exportadas-para-todo-o-mundo.webp\" alt=\"m\u00e1quinas exportadas para todo o mundo.\" width=\"468\" height=\"236\" srcset=\"https:\/\/cortesolda.com.br\/por\/wp-content\/uploads\/2025\/03\/maquinas-exportadas-para-todo-o-mundo.webp 800w, https:\/\/cortesolda.com.br\/por\/wp-content\/uploads\/2025\/03\/maquinas-exportadas-para-todo-o-mundo-400x202.webp 400w, https:\/\/cortesolda.com.br\/por\/wp-content\/uploads\/2025\/03\/maquinas-exportadas-para-todo-o-mundo-768x387.webp 768w, https:\/\/cortesolda.com.br\/por\/wp-content\/uploads\/2025\/03\/maquinas-exportadas-para-todo-o-mundo-430x217.webp 430w, https:\/\/cortesolda.com.br\/por\/wp-content\/uploads\/2025\/03\/maquinas-exportadas-para-todo-o-mundo-700x353.webp 700w, https:\/\/cortesolda.com.br\/por\/wp-content\/uploads\/2025\/03\/maquinas-exportadas-para-todo-o-mundo-150x76.webp 150w\" sizes=\"(max-width: 468px) 100vw, 468px\" \/><p id=\"caption-attachment-30682\" class=\"wp-caption-text\"><span style=\"font-size: 16px;\">Processo de produ\u00e7\u00e3o de sacolas pl\u00e1sticas<\/span><\/p><\/div>\n<\/div>\n<div id=\"attachment_29720\" class=\"wp-caption alignnone\">\n<p><img loading=\"lazy\" decoding=\"async\" class=\" wp-image-30683\" src=\"https:\/\/cortesolda.com.br\/por\/wp-content\/uploads\/2025\/03\/Processo-de-producao-de-sacolas-plasticas.webp\" alt=\"Processo de produ\u00e7\u00e3o de sacolas pl\u00e1sticas\" width=\"467\" height=\"445\" srcset=\"https:\/\/cortesolda.com.br\/por\/wp-content\/uploads\/2025\/03\/Processo-de-producao-de-sacolas-plasticas.webp 1038w, https:\/\/cortesolda.com.br\/por\/wp-content\/uploads\/2025\/03\/Processo-de-producao-de-sacolas-plasticas-315x300.webp 315w, https:\/\/cortesolda.com.br\/por\/wp-content\/uploads\/2025\/03\/Processo-de-producao-de-sacolas-plasticas-840x800.webp 840w, https:\/\/cortesolda.com.br\/por\/wp-content\/uploads\/2025\/03\/Processo-de-producao-de-sacolas-plasticas-768x732.webp 768w, https:\/\/cortesolda.com.br\/por\/wp-content\/uploads\/2025\/03\/Processo-de-producao-de-sacolas-plasticas-430x410.webp 430w, https:\/\/cortesolda.com.br\/por\/wp-content\/uploads\/2025\/03\/Processo-de-producao-de-sacolas-plasticas-700x667.webp 700w, https:\/\/cortesolda.com.br\/por\/wp-content\/uploads\/2025\/03\/Processo-de-producao-de-sacolas-plasticas-150x143.webp 150w\" sizes=\"(max-width: 467px) 100vw, 467px\" \/><\/p>\n<\/div>\n<p>&nbsp;<\/p>\n<\/div>\n<\/div>\n","protected":false},"excerpt":{"rendered":"<p>M\u00e1quina de cortar para cortar papel de rolo grande em papel pequeno, terno para cortar filme pl\u00e1stico, rolagem de papel, papel alum\u00ednio, filme esticado.<\/p>\n","protected":false},"featured_media":30246,"comment_status":"closed","ping_status":"closed","template":"","meta":{"_acf_changed":false,"_oss_video_url":""},"product_brand":[],"product_cat":[82],"product_tag":[],"class_list":{"0":"post-30245","1":"product","2":"type-product","3":"status-publish","4":"has-post-thumbnail","6":"product_cat-rebobinadeira","8":"first","9":"instock","10":"shipping-taxable","11":"product-type-simple"},"acf":[],"_links":{"self":[{"href":"https:\/\/cortesolda.com.br\/por\/wp-json\/wp\/v2\/product\/30245","targetHints":{"allow":["GET"]}}],"collection":[{"href":"https:\/\/cortesolda.com.br\/por\/wp-json\/wp\/v2\/product"}],"about":[{"href":"https:\/\/cortesolda.com.br\/por\/wp-json\/wp\/v2\/types\/product"}],"replies":[{"embeddable":true,"href":"https:\/\/cortesolda.com.br\/por\/wp-json\/wp\/v2\/comments?post=30245"}],"version-history":[{"count":0,"href":"https:\/\/cortesolda.com.br\/por\/wp-json\/wp\/v2\/product\/30245\/revisions"}],"wp:featuredmedia":[{"embeddable":true,"href":"https:\/\/cortesolda.com.br\/por\/wp-json\/wp\/v2\/media\/30246"}],"wp:attachment":[{"href":"https:\/\/cortesolda.com.br\/por\/wp-json\/wp\/v2\/media?parent=30245"}],"wp:term":[{"taxonomy":"product_brand","embeddable":true,"href":"https:\/\/cortesolda.com.br\/por\/wp-json\/wp\/v2\/product_brand?post=30245"},{"taxonomy":"product_cat","embeddable":true,"href":"https:\/\/cortesolda.com.br\/por\/wp-json\/wp\/v2\/product_cat?post=30245"},{"taxonomy":"product_tag","embeddable":true,"href":"https:\/\/cortesolda.com.br\/por\/wp-json\/wp\/v2\/product_tag?post=30245"}],"curies":[{"name":"wp","href":"https:\/\/api.w.org\/{rel}","templated":true}]}}