{"id":30275,"date":"2025-03-28T21:05:29","date_gmt":"2025-03-28T13:05:29","guid":{"rendered":"https:\/\/hotpink-lyrebird-701956.hostingersite.com\/?post_type=product&#038;p=30275"},"modified":"2025-07-08T14:30:53","modified_gmt":"2025-07-08T06:30:53","slug":"fita-adesiva-eletrica-japonesa-nitto-denko-para-maquina-de-sacola-plastica","status":"publish","type":"product","link":"https:\/\/cortesolda.com.br\/por\/fita-adesiva-eletrica-japonesa-nitto-denko-para-maquina-de-sacola-plastica","title":{"rendered":"Fita adesiva el\u00e9trica japonesa NITTO DENKO para m\u00e1quina de sacola pl\u00e1stica"},"content":{"rendered":"<div id=\"tab-desc\" class=\"tab-pane active\" role=\"tabpanel\">\n<div class=\"product-tab-desc\">\n<div>Fita adesiva el\u00e9trica japonesa NITTO DENKO para m\u00e1quina de sacola pl\u00e1stica<\/div>\n<div>\n<p>Pode resistir a temperaturas mais altas e mais frias do que a fita comum.<\/p>\n<p>Em uso cont\u00ednuo, a faixa de temperatura \u00e9 de -100-260 graus Celsius, ponto de fus\u00e3o de at\u00e9 327 graus, baixo atrito e boa lubrifica\u00e7\u00e3o;<\/p>\n<p>no isolador de alta tens\u00e3o com bom efeito;<\/p>\n<p>sobre os produtos qu\u00edmicos ou solventes n\u00e3o Rea\u00e7\u00e3o qu\u00edmica;<\/p>\n<p>e tem efeito anti-luz e anti-oxida\u00e7\u00e3o;<\/p>\n<p>boa ader\u00eancia.<\/p>\n<p>Outras caracter\u00edsticas s\u00e3o resistentes ao desgaste, anti-press\u00e3o, anti-erosivas, anti-microondas, resistentes a altas temperaturas, anti-fric\u00e7\u00e3o, escorregadias, aderentes com firmeza e gr\u00e3os bem torneados.<\/p>\n<p><strong>Formul\u00e1rios<\/strong><\/p>\n<p>Para mascaramento resistente ao calor.<\/p>\n<p>Para selagem a quente.<\/p>\n<p>Para isolamento el\u00e9trico resistente ao calor.<\/p>\n<p>Amplamente utilizado em: A ind\u00fastria alimentar, ind\u00fastria gr\u00e1fica, ind\u00fastria, ind\u00fastria qu\u00edmica, etc<\/p>\n<div class=\"rich-text-table\">\n<table>\n<tbody>\n<tr>\n<td>Modelo<\/td>\n<td>Cor<\/td>\n<td colspan=\"3\">Substrato<\/td>\n<td>Curto prazo<br \/>\nresist\u00eancia ao calor<br \/>\n(\u00baC)<\/td>\n<td>Uso cont\u00ednuo<br \/>\ntemperatura (\u00baC)<\/td>\n<\/tr>\n<tr>\n<td><\/td>\n<td><\/td>\n<td>Espessura (mm)<\/td>\n<td>Largura (mm)<\/td>\n<td>Comprimento (m)<\/td>\n<td><\/td>\n<td><\/td>\n<\/tr>\n<tr>\n<td>N\u00ba 903UL<\/td>\n<td>Cinza<\/td>\n<td>0,08<\/td>\n<td>13<\/td>\n<td>10<\/td>\n<td>300\u00baC<\/td>\n<td>-60~280\u00baC<\/td>\n<\/tr>\n<tr>\n<td>N\u00ba 903UL<\/td>\n<td>Cinza<\/td>\n<td>0,08<\/td>\n<td>15<\/td>\n<td>10<\/td>\n<td>300\u00baC<\/td>\n<td>-60~280\u00baC<\/td>\n<\/tr>\n<tr>\n<td>N\u00ba 903UL<\/td>\n<td>Cinza<\/td>\n<td>0,08<\/td>\n<td>19<\/td>\n<td>10<\/td>\n<td>300\u00baC<\/td>\n<td>-60~280\u00baC<\/td>\n<\/tr>\n<tr>\n<td>N\u00ba 903UL<\/td>\n<td>Cinza<\/td>\n<td>0,08<\/td>\n<td>25<\/td>\n<td>10<\/td>\n<td>300\u00baC<\/td>\n<td>-60~280\u00baC<\/td>\n<\/tr>\n<tr>\n<td>N\u00ba 903UL<\/td>\n<td>Cinza<\/td>\n<td>0,08<\/td>\n<td>38<\/td>\n<td>10<\/td>\n<td>300\u00baC<\/td>\n<td>-60~280\u00baC<\/td>\n<\/tr>\n<tr>\n<td>N\u00ba 903UL<\/td>\n<td>Cinza<\/td>\n<td>0,08<\/td>\n<td>50<\/td>\n<td>10<\/td>\n<td>300\u00baC<\/td>\n<td>-60~280\u00baC<\/td>\n<\/tr>\n<tr>\n<td>N\u00ba 903UL<\/td>\n<td>Cinza<\/td>\n<td>0,08<\/td>\n<td>100<\/td>\n<td>10<\/td>\n<td>300\u00baC<\/td>\n<td>-60~280\u00baC<\/td>\n<\/tr>\n<tr>\n<td>N\u00ba 903UL<\/td>\n<td>Cinza<\/td>\n<td>0,08<\/td>\n<td>250<\/td>\n<td>10<\/td>\n<td>300\u00baC<\/td>\n<td>-60~280\u00baC<\/td>\n<\/tr>\n<tr>\n<td>N\u00ba 903UL<\/td>\n<td>Cinza<\/td>\n<td>0,08<\/td>\n<td>300<\/td>\n<td>10<\/td>\n<td>300\u00baC<\/td>\n<td>-60~280\u00baC<\/td>\n<\/tr>\n<tr>\n<td>N\u00ba 903UL<\/td>\n<td>Cinza<\/td>\n<td>0,08<\/td>\n<td>450<\/td>\n<td>10<\/td>\n<td>300\u00baC<\/td>\n<td>-60~280\u00baC<\/td>\n<\/tr>\n<tr>\n<td>N\u00ba 903UL<\/td>\n<td>Cinza<\/td>\n<td>0,13<\/td>\n<td>19<\/td>\n<td>10<\/td>\n<td>300\u00baC<\/td>\n<td>-60~280\u00baC<\/td>\n<\/tr>\n<tr>\n<td>N\u00ba 903UL<\/td>\n<td>Cinza<\/td>\n<td>0,18<\/td>\n<td>18<\/td>\n<td>10<\/td>\n<td>300\u00baC<\/td>\n<td>-60~280\u00baC<\/td>\n<\/tr>\n<tr>\n<td>N\u00ba 903UL<\/td>\n<td>Cinza<\/td>\n<td>0,18<\/td>\n<td>19<\/td>\n<td>10<\/td>\n<td>300\u00baC<\/td>\n<td>-60~280\u00baC<\/td>\n<\/tr>\n<tr>\n<td>N\u00ba 903UL<\/td>\n<td>Cinza<\/td>\n<td>0,18<\/td>\n<td>25<\/td>\n<td>10<\/td>\n<td>300\u00baC<\/td>\n<td>-60~280\u00baC<\/td>\n<\/tr>\n<tr>\n<td>N\u00ba 903UL<\/td>\n<td>Cinza<\/td>\n<td>0,18<\/td>\n<td>50<\/td>\n<td>10<\/td>\n<td>300\u00baC<\/td>\n<td>-60~280\u00baC<\/td>\n<\/tr>\n<tr>\n<td>N\u00ba 903UL<\/td>\n<td>Cinza<\/td>\n<td>0,18<\/td>\n<td>300<\/td>\n<td>10<\/td>\n<td>300\u00baC<\/td>\n<td>-60~280\u00baC<\/td>\n<\/tr>\n<\/tbody>\n<\/table>\n<div>\n<div id=\"attachment_31111\" style=\"width: 460px\" class=\"wp-caption alignnone\"><img fetchpriority=\"high\" decoding=\"async\" aria-describedby=\"caption-attachment-31111\" class=\"wp-image-31111\" src=\"https:\/\/cortesolda.com.br\/por\/wp-content\/uploads\/2025\/03\/Fita-adesiva-eletrica-japonesa-NITTO-DENKO-para-maquina-de-sacola-plastica.webp\" alt=\"Fita adesiva el\u00e9trica japonesa NITTO DENKO para m\u00e1quina de sacola pl\u00e1stica\" width=\"450\" height=\"451\" srcset=\"https:\/\/cortesolda.com.br\/por\/wp-content\/uploads\/2025\/03\/Fita-adesiva-eletrica-japonesa-NITTO-DENKO-para-maquina-de-sacola-plastica.webp 743w, https:\/\/cortesolda.com.br\/por\/wp-content\/uploads\/2025\/03\/Fita-adesiva-eletrica-japonesa-NITTO-DENKO-para-maquina-de-sacola-plastica-300x300.webp 300w, https:\/\/cortesolda.com.br\/por\/wp-content\/uploads\/2025\/03\/Fita-adesiva-eletrica-japonesa-NITTO-DENKO-para-maquina-de-sacola-plastica-150x150.webp 150w, https:\/\/cortesolda.com.br\/por\/wp-content\/uploads\/2025\/03\/Fita-adesiva-eletrica-japonesa-NITTO-DENKO-para-maquina-de-sacola-plastica-430x431.webp 430w, https:\/\/cortesolda.com.br\/por\/wp-content\/uploads\/2025\/03\/Fita-adesiva-eletrica-japonesa-NITTO-DENKO-para-maquina-de-sacola-plastica-700x701.webp 700w\" sizes=\"(max-width: 450px) 100vw, 450px\" \/><p id=\"caption-attachment-31111\" class=\"wp-caption-text\">Fita adesiva el\u00e9trica japonesa NITTO DENKO para m\u00e1quina de sacola pl\u00e1stica<\/p><\/div>\n<div id=\"attachment_31112\" style=\"width: 460px\" class=\"wp-caption alignnone\"><img decoding=\"async\" aria-describedby=\"caption-attachment-31112\" class=\"wp-image-31112\" src=\"https:\/\/cortesolda.com.br\/por\/wp-content\/uploads\/2025\/03\/Fita-adesiva-eletrica-japonesa-NITTO-DENKO-para-maquina-de-sacola-plastica-973UL-S.webp\" alt=\"Fita adesiva el\u00e9trica japonesa NITTO DENKO para m\u00e1quina de sacola pl\u00e1stica\" width=\"450\" height=\"451\" srcset=\"https:\/\/cortesolda.com.br\/por\/wp-content\/uploads\/2025\/03\/Fita-adesiva-eletrica-japonesa-NITTO-DENKO-para-maquina-de-sacola-plastica-973UL-S.webp 743w, https:\/\/cortesolda.com.br\/por\/wp-content\/uploads\/2025\/03\/Fita-adesiva-eletrica-japonesa-NITTO-DENKO-para-maquina-de-sacola-plastica-973UL-S-300x300.webp 300w, https:\/\/cortesolda.com.br\/por\/wp-content\/uploads\/2025\/03\/Fita-adesiva-eletrica-japonesa-NITTO-DENKO-para-maquina-de-sacola-plastica-973UL-S-150x150.webp 150w, https:\/\/cortesolda.com.br\/por\/wp-content\/uploads\/2025\/03\/Fita-adesiva-eletrica-japonesa-NITTO-DENKO-para-maquina-de-sacola-plastica-973UL-S-430x431.webp 430w, https:\/\/cortesolda.com.br\/por\/wp-content\/uploads\/2025\/03\/Fita-adesiva-eletrica-japonesa-NITTO-DENKO-para-maquina-de-sacola-plastica-973UL-S-700x701.webp 700w\" sizes=\"(max-width: 450px) 100vw, 450px\" \/><p id=\"caption-attachment-31112\" class=\"wp-caption-text\">Fita adesiva el\u00e9trica japonesa NITTO DENKO para m\u00e1quina de sacola pl\u00e1stica<\/p><\/div>\n<div id=\"attachment_31113\" style=\"width: 460px\" class=\"wp-caption alignnone\"><img decoding=\"async\" aria-describedby=\"caption-attachment-31113\" class=\"Fita adesiva el\u00e9trica japonesa NITTO DENKO para m\u00e1quina de sacola pl\u00e1stica wp-image-31113\" title=\"Fita adesiva el\u00e9trica japonesa NITTO DENKO para m\u00e1quina de sacola pl\u00e1stica\" src=\"https:\/\/cortesolda.com.br\/por\/wp-content\/uploads\/2025\/03\/Fita-adesiva-eletrica-japonesa-NITTO-DENKO-para-maquina-de-sacola-plastica-Tape-973UL-S.webp\" alt=\"Fita adesiva el\u00e9trica japonesa NITTO DENKO para m\u00e1quina de sacola pl\u00e1stica\" width=\"450\" height=\"450\" srcset=\"https:\/\/cortesolda.com.br\/por\/wp-content\/uploads\/2025\/03\/Fita-adesiva-eletrica-japonesa-NITTO-DENKO-para-maquina-de-sacola-plastica-Tape-973UL-S.webp 747w, https:\/\/cortesolda.com.br\/por\/wp-content\/uploads\/2025\/03\/Fita-adesiva-eletrica-japonesa-NITTO-DENKO-para-maquina-de-sacola-plastica-Tape-973UL-S-300x300.webp 300w, https:\/\/cortesolda.com.br\/por\/wp-content\/uploads\/2025\/03\/Fita-adesiva-eletrica-japonesa-NITTO-DENKO-para-maquina-de-sacola-plastica-Tape-973UL-S-150x150.webp 150w, https:\/\/cortesolda.com.br\/por\/wp-content\/uploads\/2025\/03\/Fita-adesiva-eletrica-japonesa-NITTO-DENKO-para-maquina-de-sacola-plastica-Tape-973UL-S-430x430.webp 430w, https:\/\/cortesolda.com.br\/por\/wp-content\/uploads\/2025\/03\/Fita-adesiva-eletrica-japonesa-NITTO-DENKO-para-maquina-de-sacola-plastica-Tape-973UL-S-700x700.webp 700w\" sizes=\"(max-width: 450px) 100vw, 450px\" \/><p id=\"caption-attachment-31113\" class=\"wp-caption-text\">Fita adesiva el\u00e9trica japonesa NITTO DENKO para m\u00e1quina de sacola pl\u00e1stica<\/p><\/div>\n<div id=\"attachment_31114\" style=\"width: 460px\" class=\"wp-caption alignnone\"><img loading=\"lazy\" decoding=\"async\" aria-describedby=\"caption-attachment-31114\" class=\"Fita adesiva el\u00e9trica japonesa NITTO DENKO para m\u00e1quina de sacola pl\u00e1stica wp-image-31114\" title=\"Fita adesiva el\u00e9trica japonesa NITTO DENKO para m\u00e1quina de sacola pl\u00e1stica\" src=\"https:\/\/cortesolda.com.br\/por\/wp-content\/uploads\/2025\/03\/Fita-adesiva-eletrica-japonesa-NITTO-DENKO-para-maquina-de-sacola-plastica-3.webp\" alt=\"Fita adesiva el\u00e9trica japonesa NITTO DENKO para m\u00e1quina de sacola pl\u00e1stica\" width=\"450\" height=\"450\" srcset=\"https:\/\/cortesolda.com.br\/por\/wp-content\/uploads\/2025\/03\/Fita-adesiva-eletrica-japonesa-NITTO-DENKO-para-maquina-de-sacola-plastica-3.webp 500w, https:\/\/cortesolda.com.br\/por\/wp-content\/uploads\/2025\/03\/Fita-adesiva-eletrica-japonesa-NITTO-DENKO-para-maquina-de-sacola-plastica-3-300x300.webp 300w, https:\/\/cortesolda.com.br\/por\/wp-content\/uploads\/2025\/03\/Fita-adesiva-eletrica-japonesa-NITTO-DENKO-para-maquina-de-sacola-plastica-3-150x150.webp 150w, https:\/\/cortesolda.com.br\/por\/wp-content\/uploads\/2025\/03\/Fita-adesiva-eletrica-japonesa-NITTO-DENKO-para-maquina-de-sacola-plastica-3-430x430.webp 430w\" sizes=\"(max-width: 450px) 100vw, 450px\" \/><p id=\"caption-attachment-31114\" class=\"wp-caption-text\">Fita adesiva el\u00e9trica japonesa NITTO DENKO para m\u00e1quina de sacola pl\u00e1stica<\/p><\/div>\n<div id=\"attachment_31115\" style=\"width: 460px\" class=\"wp-caption alignnone\"><img loading=\"lazy\" decoding=\"async\" aria-describedby=\"caption-attachment-31115\" class=\"Fita adesiva el\u00e9trica japonesa NITTO DENKO para m\u00e1quina de sacola pl\u00e1stica wp-image-31115\" title=\"Fita adesiva el\u00e9trica japonesa NITTO DENKO para m\u00e1quina de sacola pl\u00e1stica\" src=\"https:\/\/cortesolda.com.br\/por\/wp-content\/uploads\/2025\/03\/Fita-adesiva-eletrica-japonesa-NITTO-DENKO-para-maquina-de-sacola-plastica-4.webp\" alt=\"Fita adesiva el\u00e9trica japonesa NITTO DENKO para m\u00e1quina de sacola pl\u00e1stica\" width=\"450\" height=\"450\" srcset=\"https:\/\/cortesolda.com.br\/por\/wp-content\/uploads\/2025\/03\/Fita-adesiva-eletrica-japonesa-NITTO-DENKO-para-maquina-de-sacola-plastica-4.webp 500w, https:\/\/cortesolda.com.br\/por\/wp-content\/uploads\/2025\/03\/Fita-adesiva-eletrica-japonesa-NITTO-DENKO-para-maquina-de-sacola-plastica-4-300x300.webp 300w, https:\/\/cortesolda.com.br\/por\/wp-content\/uploads\/2025\/03\/Fita-adesiva-eletrica-japonesa-NITTO-DENKO-para-maquina-de-sacola-plastica-4-150x150.webp 150w, https:\/\/cortesolda.com.br\/por\/wp-content\/uploads\/2025\/03\/Fita-adesiva-eletrica-japonesa-NITTO-DENKO-para-maquina-de-sacola-plastica-4-430x430.webp 430w\" sizes=\"(max-width: 450px) 100vw, 450px\" \/><p id=\"caption-attachment-31115\" class=\"wp-caption-text\">Fita adesiva el\u00e9trica japonesa NITTO DENKO para m\u00e1quina de sacola pl\u00e1stica<\/p><\/div>\n<div id=\"attachment_31116\" style=\"width: 460px\" class=\"wp-caption alignnone\"><img loading=\"lazy\" decoding=\"async\" aria-describedby=\"caption-attachment-31116\" class=\"Fita adesiva el\u00e9trica japonesa NITTO DENKO para m\u00e1quina de sacola pl\u00e1stica wp-image-31116\" title=\"Fita adesiva el\u00e9trica japonesa NITTO DENKO para m\u00e1quina de sacola pl\u00e1stica\" src=\"https:\/\/cortesolda.com.br\/por\/wp-content\/uploads\/2025\/03\/Fita-adesiva-eletrica-japonesa-NITTO-DENKO-para-maquina-de-sacola-plastica-5.webp\" alt=\"Fita adesiva el\u00e9trica japonesa NITTO DENKO para m\u00e1quina de sacola pl\u00e1stica\" width=\"450\" height=\"398\" srcset=\"https:\/\/cortesolda.com.br\/por\/wp-content\/uploads\/2025\/03\/Fita-adesiva-eletrica-japonesa-NITTO-DENKO-para-maquina-de-sacola-plastica-5.webp 715w, https:\/\/cortesolda.com.br\/por\/wp-content\/uploads\/2025\/03\/Fita-adesiva-eletrica-japonesa-NITTO-DENKO-para-maquina-de-sacola-plastica-5-339x300.webp 339w, https:\/\/cortesolda.com.br\/por\/wp-content\/uploads\/2025\/03\/Fita-adesiva-eletrica-japonesa-NITTO-DENKO-para-maquina-de-sacola-plastica-5-430x380.webp 430w, https:\/\/cortesolda.com.br\/por\/wp-content\/uploads\/2025\/03\/Fita-adesiva-eletrica-japonesa-NITTO-DENKO-para-maquina-de-sacola-plastica-5-700x619.webp 700w, https:\/\/cortesolda.com.br\/por\/wp-content\/uploads\/2025\/03\/Fita-adesiva-eletrica-japonesa-NITTO-DENKO-para-maquina-de-sacola-plastica-5-150x133.webp 150w\" sizes=\"(max-width: 450px) 100vw, 450px\" \/><p id=\"caption-attachment-31116\" class=\"wp-caption-text\">Fita adesiva el\u00e9trica japonesa NITTO DENKO para m\u00e1quina de sacola pl\u00e1stica<\/p><\/div>\n<\/div>\n<\/div>\n<\/div>\n<\/div>\n<\/div>\n","protected":false},"excerpt":{"rendered":"<p>Fita adesiva el\u00e9tric<\/p>\n","protected":false},"featured_media":30279,"comment_status":"closed","ping_status":"closed","template":"","meta":{"_acf_changed":false,"_oss_video_url":""},"product_brand":[],"product_cat":[20],"product_tag":[],"class_list":{"0":"post-30275","1":"product","2":"type-product","3":"status-publish","4":"has-post-thumbnail","6":"product_cat-pecas-de-corte-e-solda","8":"first","9":"instock","10":"shipping-taxable","11":"product-type-simple"},"acf":[],"_links":{"self":[{"href":"https:\/\/cortesolda.com.br\/por\/wp-json\/wp\/v2\/product\/30275","targetHints":{"allow":["GET"]}}],"collection":[{"href":"https:\/\/cortesolda.com.br\/por\/wp-json\/wp\/v2\/product"}],"about":[{"href":"https:\/\/cortesolda.com.br\/por\/wp-json\/wp\/v2\/types\/product"}],"replies":[{"embeddable":true,"href":"https:\/\/cortesolda.com.br\/por\/wp-json\/wp\/v2\/comments?post=30275"}],"version-history":[{"count":0,"href":"https:\/\/cortesolda.com.br\/por\/wp-json\/wp\/v2\/product\/30275\/revisions"}],"wp:featuredmedia":[{"embeddable":true,"href":"https:\/\/cortesolda.com.br\/por\/wp-json\/wp\/v2\/media\/30279"}],"wp:attachment":[{"href":"https:\/\/cortesolda.com.br\/por\/wp-json\/wp\/v2\/media?parent=30275"}],"wp:term":[{"taxonomy":"product_brand","embeddable":true,"href":"https:\/\/cortesolda.com.br\/por\/wp-json\/wp\/v2\/product_brand?post=30275"},{"taxonomy":"product_cat","embeddable":true,"href":"https:\/\/cortesolda.com.br\/por\/wp-json\/wp\/v2\/product_cat?post=30275"},{"taxonomy":"product_tag","embeddable":true,"href":"https:\/\/cortesolda.com.br\/por\/wp-json\/wp\/v2\/product_tag?post=30275"}],"curies":[{"name":"wp","href":"https:\/\/api.w.org\/{rel}","templated":true}]}}