{"id":30288,"date":"2025-03-28T21:07:03","date_gmt":"2025-03-28T13:07:03","guid":{"rendered":"https:\/\/hotpink-lyrebird-701956.hostingersite.com\/?post_type=product&#038;p=30288"},"modified":"2025-07-08T14:25:19","modified_gmt":"2025-07-08T06:25:19","slug":"maquina-saco-plastico-controlador-de-computador-sch-ii","status":"publish","type":"product","link":"https:\/\/cortesolda.com.br\/por\/maquina-saco-plastico-controlador-de-computador-sch-ii","title":{"rendered":"Controlador de computador SCH-II para m\u00e1quina de saco pl\u00e1stico"},"content":{"rendered":"<div id=\"tab-desc\" class=\"tab-pane active\" role=\"tabpanel\">\n<div class=\"product-tab-desc\">\n<div data-rm-block-id=\"block-1\">SCH-II controlador de computador para m\u00e1quina de saco de pl\u00e1stico, terno para m\u00e1quina de saco de pl\u00e1stico, m\u00e1quina de saco de papel, m\u00e1quina de selagem lateral, m\u00e1quina de selagem inferior.<\/div>\n<div data-rm-block-id=\"block-2\"><\/div>\n<div>\n<p data-rm-block-id=\"block-3\">O controlador de posi\u00e7\u00e3o do computador SCH-II \u00e9 adequado para controlar o comprimento do saco, m\u00e1quina de saco, m\u00e1quina de corte, cortador, filme \u00fanico e outras m\u00e1quinas de embalagem flex\u00edvel.O sistema \u00e9 projetado para eletricidade, luz como um todo, usando microcomputador de chip \u00fanico de alto desempenho como n\u00facleo, para controlar alto torque, motor de passo de alta precis\u00e3o interruptor de controle de comprimento fixo corre\u00e7\u00e3o de rastreamento \u00f3ptico de alta defini\u00e7\u00e3o para que a m\u00e1quina esteja equipada com o sistema, caracter\u00edsticas de desempenho de alta velocidade, precisas e est\u00e1veis.<\/p>\n<p data-rm-block-id=\"block-4\">Introdu\u00e7\u00e3o :<\/p>\n<p data-rm-block-id=\"block-5\">Pot\u00eancia: 220V (CA), 50HZ-60HZ, 2A<\/p>\n<p data-rm-block-id=\"block-6\">Escopo: \u00danico, veda\u00e7\u00e3o inferior Fumo, veda\u00e7\u00e3o inferior ansiosamente, cortador e m\u00e1quina de veda\u00e7\u00e3o lateral equipamentos da ind\u00fastria de embalagens pl\u00e1sticas.<\/p>\n<p data-rm-block-id=\"block-7\">Velocidade de trabalho: 10-450\/min<\/p>\n<p data-rm-block-id=\"block-8\">Trabalho: 12 tipos de sele\u00e7\u00e3o de modelos<\/p>\n<\/div>\n<div data-rm-block-id=\"block-9\">\n<div id=\"attachment_31106\" style=\"width: 510px\" class=\"wp-caption alignnone\"><img fetchpriority=\"high\" decoding=\"async\" aria-describedby=\"caption-attachment-31106\" class=\"size-full wp-image-31106\" src=\"https:\/\/cortesolda.com.br\/por\/wp-content\/uploads\/2025\/03\/Controlador-de-computador-SCH-II-para-maquina-de-saco-plastico.webp\" alt=\"Controlador de computador SCH-II para m\u00e1quina de saco pl\u00e1stico\" width=\"500\" height=\"500\" srcset=\"https:\/\/cortesolda.com.br\/por\/wp-content\/uploads\/2025\/03\/Controlador-de-computador-SCH-II-para-maquina-de-saco-plastico.webp 500w, https:\/\/cortesolda.com.br\/por\/wp-content\/uploads\/2025\/03\/Controlador-de-computador-SCH-II-para-maquina-de-saco-plastico-300x300.webp 300w, https:\/\/cortesolda.com.br\/por\/wp-content\/uploads\/2025\/03\/Controlador-de-computador-SCH-II-para-maquina-de-saco-plastico-150x150.webp 150w, https:\/\/cortesolda.com.br\/por\/wp-content\/uploads\/2025\/03\/Controlador-de-computador-SCH-II-para-maquina-de-saco-plastico-430x430.webp 430w\" sizes=\"(max-width: 500px) 100vw, 500px\" \/><p id=\"caption-attachment-31106\" class=\"wp-caption-text\">Controlador de computador SCH-II para m\u00e1quina de saco pl\u00e1stico<\/p><\/div>\n<div id=\"attachment_31107\" style=\"width: 510px\" class=\"wp-caption alignnone\"><img decoding=\"async\" aria-describedby=\"caption-attachment-31107\" class=\"size-full wp-image-31107\" src=\"https:\/\/cortesolda.com.br\/por\/wp-content\/uploads\/2025\/03\/Controlador-de-computador-SCH-II-para-maquina-de-saco-plastico-2.webp\" alt=\"Controlador de computador SCH-II para m\u00e1quina de saco pl\u00e1stico\" width=\"500\" height=\"500\" srcset=\"https:\/\/cortesolda.com.br\/por\/wp-content\/uploads\/2025\/03\/Controlador-de-computador-SCH-II-para-maquina-de-saco-plastico-2.webp 500w, https:\/\/cortesolda.com.br\/por\/wp-content\/uploads\/2025\/03\/Controlador-de-computador-SCH-II-para-maquina-de-saco-plastico-2-300x300.webp 300w, https:\/\/cortesolda.com.br\/por\/wp-content\/uploads\/2025\/03\/Controlador-de-computador-SCH-II-para-maquina-de-saco-plastico-2-150x150.webp 150w, https:\/\/cortesolda.com.br\/por\/wp-content\/uploads\/2025\/03\/Controlador-de-computador-SCH-II-para-maquina-de-saco-plastico-2-430x430.webp 430w\" sizes=\"(max-width: 500px) 100vw, 500px\" \/><p id=\"caption-attachment-31107\" class=\"wp-caption-text\">Controlador de computador SCH-II para m\u00e1quina de saco pl\u00e1stico<\/p><\/div>\n<\/div>\n<\/div>\n<\/div>\n","protected":false},"excerpt":{"rendered":"<p>SCH-II controlador d<\/p>\n","protected":false},"featured_media":30289,"comment_status":"closed","ping_status":"closed","template":"","meta":{"_acf_changed":false,"_oss_video_url":""},"product_brand":[],"product_cat":[20],"product_tag":[],"class_list":{"0":"post-30288","1":"product","2":"type-product","3":"status-publish","4":"has-post-thumbnail","6":"product_cat-pecas-de-corte-e-solda","8":"first","9":"instock","10":"shipping-taxable","11":"product-type-simple"},"acf":[],"_links":{"self":[{"href":"https:\/\/cortesolda.com.br\/por\/wp-json\/wp\/v2\/product\/30288","targetHints":{"allow":["GET"]}}],"collection":[{"href":"https:\/\/cortesolda.com.br\/por\/wp-json\/wp\/v2\/product"}],"about":[{"href":"https:\/\/cortesolda.com.br\/por\/wp-json\/wp\/v2\/types\/product"}],"replies":[{"embeddable":true,"href":"https:\/\/cortesolda.com.br\/por\/wp-json\/wp\/v2\/comments?post=30288"}],"version-history":[{"count":0,"href":"https:\/\/cortesolda.com.br\/por\/wp-json\/wp\/v2\/product\/30288\/revisions"}],"wp:featuredmedia":[{"embeddable":true,"href":"https:\/\/cortesolda.com.br\/por\/wp-json\/wp\/v2\/media\/30289"}],"wp:attachment":[{"href":"https:\/\/cortesolda.com.br\/por\/wp-json\/wp\/v2\/media?parent=30288"}],"wp:term":[{"taxonomy":"product_brand","embeddable":true,"href":"https:\/\/cortesolda.com.br\/por\/wp-json\/wp\/v2\/product_brand?post=30288"},{"taxonomy":"product_cat","embeddable":true,"href":"https:\/\/cortesolda.com.br\/por\/wp-json\/wp\/v2\/product_cat?post=30288"},{"taxonomy":"product_tag","embeddable":true,"href":"https:\/\/cortesolda.com.br\/por\/wp-json\/wp\/v2\/product_tag?post=30288"}],"curies":[{"name":"wp","href":"https:\/\/api.w.org\/{rel}","templated":true}]}}