{"id":30306,"date":"2025-03-28T21:10:36","date_gmt":"2025-03-28T13:10:36","guid":{"rendered":"https:\/\/hotpink-lyrebird-701956.hostingersite.com\/?post_type=product&#038;p=30306"},"modified":"2025-07-08T11:17:41","modified_gmt":"2025-07-08T03:17:41","slug":"zxtec-controle-automatico-de-tensao","status":"publish","type":"product","link":"https:\/\/cortesolda.com.br\/por\/zxtec-controle-automatico-de-tensao","title":{"rendered":"Controle Autom\u00e1tico de Tens\u00e3o ZXTEC"},"content":{"rendered":"<p data-rm-block-id=\"block-1\">Controle Autom\u00e1tico de Tens\u00e3o ZXTEC para m\u00e1quina de saco pl\u00e1stico, m\u00e1quina de impress\u00e3o flexogr\u00e1fica, m\u00e1quina de impress\u00e3o de gravura<\/p>\n<div id=\"attachment_30307\" style=\"width: 490px\" class=\"wp-caption alignnone\"><img fetchpriority=\"high\" decoding=\"async\" aria-describedby=\"caption-attachment-30307\" class=\"size-full wp-image-30307\" src=\"https:\/\/cortesolda.com.br\/por\/wp-content\/uploads\/2025\/03\/automatic-tension-control-box-for-plastic-bag-machine-printing-machine.webp\" alt=\"Caixa de Controle Autom\u00e1tico de Tens\u00e3o ZXTEC\" width=\"480\" height=\"360\" srcset=\"https:\/\/cortesolda.com.br\/por\/wp-content\/uploads\/2025\/03\/automatic-tension-control-box-for-plastic-bag-machine-printing-machine.webp 480w, https:\/\/cortesolda.com.br\/por\/wp-content\/uploads\/2025\/03\/automatic-tension-control-box-for-plastic-bag-machine-printing-machine-400x300.webp 400w, https:\/\/cortesolda.com.br\/por\/wp-content\/uploads\/2025\/03\/automatic-tension-control-box-for-plastic-bag-machine-printing-machine-430x323.webp 430w, https:\/\/cortesolda.com.br\/por\/wp-content\/uploads\/2025\/03\/automatic-tension-control-box-for-plastic-bag-machine-printing-machine-150x113.webp 150w\" sizes=\"(max-width: 480px) 100vw, 480px\" \/><p id=\"caption-attachment-30307\" class=\"wp-caption-text\">Caixa de Controle Autom\u00e1tico de Tens\u00e3o ZXTEC<\/p><\/div>\n","protected":false},"excerpt":{"rendered":"<p>Controle Autom\u00e1tico <\/p>\n","protected":false},"featured_media":30307,"comment_status":"closed","ping_status":"closed","template":"","meta":{"_acf_changed":false,"_oss_video_url":""},"product_brand":[],"product_cat":[20],"product_tag":[],"class_list":{"0":"post-30306","1":"product","2":"type-product","3":"status-publish","4":"has-post-thumbnail","6":"product_cat-pecas-de-corte-e-solda","8":"first","9":"instock","10":"shipping-taxable","11":"product-type-simple"},"acf":[],"_links":{"self":[{"href":"https:\/\/cortesolda.com.br\/por\/wp-json\/wp\/v2\/product\/30306","targetHints":{"allow":["GET"]}}],"collection":[{"href":"https:\/\/cortesolda.com.br\/por\/wp-json\/wp\/v2\/product"}],"about":[{"href":"https:\/\/cortesolda.com.br\/por\/wp-json\/wp\/v2\/types\/product"}],"replies":[{"embeddable":true,"href":"https:\/\/cortesolda.com.br\/por\/wp-json\/wp\/v2\/comments?post=30306"}],"version-history":[{"count":0,"href":"https:\/\/cortesolda.com.br\/por\/wp-json\/wp\/v2\/product\/30306\/revisions"}],"wp:featuredmedia":[{"embeddable":true,"href":"https:\/\/cortesolda.com.br\/por\/wp-json\/wp\/v2\/media\/30307"}],"wp:attachment":[{"href":"https:\/\/cortesolda.com.br\/por\/wp-json\/wp\/v2\/media?parent=30306"}],"wp:term":[{"taxonomy":"product_brand","embeddable":true,"href":"https:\/\/cortesolda.com.br\/por\/wp-json\/wp\/v2\/product_brand?post=30306"},{"taxonomy":"product_cat","embeddable":true,"href":"https:\/\/cortesolda.com.br\/por\/wp-json\/wp\/v2\/product_cat?post=30306"},{"taxonomy":"product_tag","embeddable":true,"href":"https:\/\/cortesolda.com.br\/por\/wp-json\/wp\/v2\/product_tag?post=30306"}],"curies":[{"name":"wp","href":"https:\/\/api.w.org\/{rel}","templated":true}]}}