{"id":30336,"date":"2025-03-28T21:17:55","date_gmt":"2025-03-28T13:17:55","guid":{"rendered":"https:\/\/hotpink-lyrebird-701956.hostingersite.com\/?post_type=product&#038;p=30336"},"modified":"2025-07-08T10:33:03","modified_gmt":"2025-07-08T02:33:03","slug":"faca-lamina-de-corte-para-maquina-de-saco-plastico","status":"publish","type":"product","link":"https:\/\/cortesolda.com.br\/por\/faca-lamina-de-corte-para-maquina-de-saco-plastico","title":{"rendered":"faca de corte para m\u00e1quina de saco pl\u00e1stico"},"content":{"rendered":"<div id=\"tab-desc\" class=\"tab-pane active\" role=\"tabpanel\">\n<div class=\"product-tab-desc\">\n<div data-rm-block-id=\"block-1\">faca\/l\u00e2mina de corte para m\u00e1quina de saco pl\u00e1stico<\/div>\n<div data-rm-block-id=\"block-2\">Largura da l\u00e2mina: 600mm,700mm,800mm,900mm,1000mm,1200mm,1500mm etc<\/div>\n<div>\n<p class=\"magic-11\" align=\"left\" data-rm-block-id=\"block-3\"><span style=\"font-family: Arial, Helvetica; font-size: medium;\"><strong><span class=\"magic-12\">Superf\u00edcie de alta precis\u00e3o, sem rebarbas<\/span><\/strong><\/span><\/p>\n<p class=\"magic-11\" align=\"left\" data-rm-block-id=\"block-4\"><span style=\"font-family: Arial, Helvetica; font-size: medium;\"><strong><span class=\"magic-12\">mais de 15 anos de experi\u00eancia de fabrica\u00e7\u00e3o profissional<\/span><\/strong><\/span><\/p>\n<p class=\"magic-11\" align=\"left\" data-rm-block-id=\"block-5\"><span style=\"font-family: Arial, Helvetica; font-size: medium;\"><strong><span class=\"magic-12\">Rigoroso sistema de gest\u00e3o da qualidade<\/span><\/strong><\/span><\/p>\n<p class=\"magic-11\" align=\"left\" data-rm-block-id=\"block-6\"><span style=\"font-family: Arial, Helvetica; font-size: medium;\"><strong><span class=\"magic-12\">Pedidos pequenos aceitos.<\/span><\/strong><\/span><\/p>\n<\/div>\n<div data-rm-block-id=\"block-7\">\n<div id=\"attachment_31063\" style=\"width: 460px\" class=\"wp-caption alignnone\"><img fetchpriority=\"high\" decoding=\"async\" aria-describedby=\"caption-attachment-31063\" class=\"faca l\u00e2mina de corte para m\u00e1quina de saco pl\u00e1stico wp-image-31063\" title=\"faca l\u00e2mina de corte para m\u00e1quina de saco pl\u00e1stico\" src=\"https:\/\/cortesolda.com.br\/por\/wp-content\/uploads\/2025\/03\/faca-lamina-de-corte-para-maquina-de-saco-plastico-6.webp\" alt=\"faca l\u00e2mina de corte para m\u00e1quina de saco pl\u00e1stico\" width=\"450\" height=\"450\" srcset=\"https:\/\/cortesolda.com.br\/por\/wp-content\/uploads\/2025\/03\/faca-lamina-de-corte-para-maquina-de-saco-plastico-6.webp 800w, https:\/\/cortesolda.com.br\/por\/wp-content\/uploads\/2025\/03\/faca-lamina-de-corte-para-maquina-de-saco-plastico-6-300x300.webp 300w, https:\/\/cortesolda.com.br\/por\/wp-content\/uploads\/2025\/03\/faca-lamina-de-corte-para-maquina-de-saco-plastico-6-150x150.webp 150w, https:\/\/cortesolda.com.br\/por\/wp-content\/uploads\/2025\/03\/faca-lamina-de-corte-para-maquina-de-saco-plastico-6-768x768.webp 768w, https:\/\/cortesolda.com.br\/por\/wp-content\/uploads\/2025\/03\/faca-lamina-de-corte-para-maquina-de-saco-plastico-6-430x430.webp 430w, https:\/\/cortesolda.com.br\/por\/wp-content\/uploads\/2025\/03\/faca-lamina-de-corte-para-maquina-de-saco-plastico-6-700x700.webp 700w\" sizes=\"(max-width: 450px) 100vw, 450px\" \/><p id=\"caption-attachment-31063\" class=\"wp-caption-text\">faca l\u00e2mina de corte para m\u00e1quina de saco pl\u00e1stico<\/p><\/div>\n<\/div>\n<div data-rm-block-id=\"block-8\">\n<div id=\"attachment_31064\" style=\"width: 460px\" class=\"wp-caption alignnone\"><img decoding=\"async\" aria-describedby=\"caption-attachment-31064\" class=\"faca l\u00e2mina de corte para m\u00e1quina de saco pl\u00e1stico wp-image-31064\" title=\"faca l\u00e2mina de corte para m\u00e1quina de saco pl\u00e1stico\" src=\"https:\/\/cortesolda.com.br\/por\/wp-content\/uploads\/2025\/03\/faca-lamina-de-corte-para-maquina-de-saco-plastico.jpg\" alt=\"faca l\u00e2mina de corte para m\u00e1quina de saco pl\u00e1stico\" width=\"450\" height=\"600\" srcset=\"https:\/\/cortesolda.com.br\/por\/wp-content\/uploads\/2025\/03\/faca-lamina-de-corte-para-maquina-de-saco-plastico.jpg 750w, https:\/\/cortesolda.com.br\/por\/wp-content\/uploads\/2025\/03\/faca-lamina-de-corte-para-maquina-de-saco-plastico-225x300.jpg 225w, https:\/\/cortesolda.com.br\/por\/wp-content\/uploads\/2025\/03\/faca-lamina-de-corte-para-maquina-de-saco-plastico-600x800.jpg 600w, https:\/\/cortesolda.com.br\/por\/wp-content\/uploads\/2025\/03\/faca-lamina-de-corte-para-maquina-de-saco-plastico-430x573.jpg 430w, https:\/\/cortesolda.com.br\/por\/wp-content\/uploads\/2025\/03\/faca-lamina-de-corte-para-maquina-de-saco-plastico-700x933.jpg 700w, https:\/\/cortesolda.com.br\/por\/wp-content\/uploads\/2025\/03\/faca-lamina-de-corte-para-maquina-de-saco-plastico-150x200.jpg 150w\" sizes=\"(max-width: 450px) 100vw, 450px\" \/><p id=\"caption-attachment-31064\" class=\"wp-caption-text\">faca l\u00e2mina de corte para m\u00e1quina de saco pl\u00e1stico<\/p><\/div>\n<div id=\"attachment_31068\" style=\"width: 460px\" class=\"wp-caption alignnone\"><img decoding=\"async\" aria-describedby=\"caption-attachment-31068\" class=\"faca l\u00e2mina de corte para m\u00e1quina de saco pl\u00e1stico wp-image-31068\" title=\"faca l\u00e2mina de corte para m\u00e1quina de saco pl\u00e1stico\" src=\"https:\/\/cortesolda.com.br\/por\/wp-content\/uploads\/2025\/03\/faca-lamina-de-corte-para-maquina-de-saco-plastico-5.webp\" alt=\"faca l\u00e2mina de corte para m\u00e1quina de saco pl\u00e1stico\" width=\"450\" height=\"799\" srcset=\"https:\/\/cortesolda.com.br\/por\/wp-content\/uploads\/2025\/03\/faca-lamina-de-corte-para-maquina-de-saco-plastico-5.webp 563w, https:\/\/cortesolda.com.br\/por\/wp-content\/uploads\/2025\/03\/faca-lamina-de-corte-para-maquina-de-saco-plastico-5-169x300.webp 169w, https:\/\/cortesolda.com.br\/por\/wp-content\/uploads\/2025\/03\/faca-lamina-de-corte-para-maquina-de-saco-plastico-5-450x800.webp 450w, https:\/\/cortesolda.com.br\/por\/wp-content\/uploads\/2025\/03\/faca-lamina-de-corte-para-maquina-de-saco-plastico-5-430x764.webp 430w, https:\/\/cortesolda.com.br\/por\/wp-content\/uploads\/2025\/03\/faca-lamina-de-corte-para-maquina-de-saco-plastico-5-150x266.webp 150w\" sizes=\"(max-width: 450px) 100vw, 450px\" \/><p id=\"caption-attachment-31068\" class=\"wp-caption-text\">faca l\u00e2mina de corte para m\u00e1quina de saco pl\u00e1stico<\/p><\/div>\n<div id=\"attachment_31067\" style=\"width: 460px\" class=\"wp-caption alignnone\"><img loading=\"lazy\" decoding=\"async\" aria-describedby=\"caption-attachment-31067\" class=\"faca l\u00e2mina de corte para m\u00e1quina de saco pl\u00e1stico wp-image-31067\" title=\"faca l\u00e2mina de corte para m\u00e1quina de saco pl\u00e1stico\" src=\"https:\/\/cortesolda.com.br\/por\/wp-content\/uploads\/2025\/03\/faca-lamina-de-corte-para-maquina-de-saco-plastico-4.webp\" alt=\"faca l\u00e2mina de corte para m\u00e1quina de saco pl\u00e1stico\" width=\"450\" height=\"799\" srcset=\"https:\/\/cortesolda.com.br\/por\/wp-content\/uploads\/2025\/03\/faca-lamina-de-corte-para-maquina-de-saco-plastico-4.webp 563w, https:\/\/cortesolda.com.br\/por\/wp-content\/uploads\/2025\/03\/faca-lamina-de-corte-para-maquina-de-saco-plastico-4-169x300.webp 169w, https:\/\/cortesolda.com.br\/por\/wp-content\/uploads\/2025\/03\/faca-lamina-de-corte-para-maquina-de-saco-plastico-4-450x800.webp 450w, https:\/\/cortesolda.com.br\/por\/wp-content\/uploads\/2025\/03\/faca-lamina-de-corte-para-maquina-de-saco-plastico-4-430x764.webp 430w, https:\/\/cortesolda.com.br\/por\/wp-content\/uploads\/2025\/03\/faca-lamina-de-corte-para-maquina-de-saco-plastico-4-150x266.webp 150w\" sizes=\"(max-width: 450px) 100vw, 450px\" \/><p id=\"caption-attachment-31067\" class=\"wp-caption-text\">faca l\u00e2mina de corte para m\u00e1quina de saco pl\u00e1stico<\/p><\/div>\n<div id=\"attachment_31066\" style=\"width: 460px\" class=\"wp-caption alignnone\"><img loading=\"lazy\" decoding=\"async\" aria-describedby=\"caption-attachment-31066\" class=\"faca l\u00e2mina de corte para m\u00e1quina de saco pl\u00e1stico wp-image-31066\" title=\"faca l\u00e2mina de corte para m\u00e1quina de saco pl\u00e1stico\" src=\"https:\/\/cortesolda.com.br\/por\/wp-content\/uploads\/2025\/03\/faca-lamina-de-corte-para-maquina-de-saco-plastico-3.webp\" alt=\"faca l\u00e2mina de corte para m\u00e1quina de saco pl\u00e1stico\" width=\"450\" height=\"458\" srcset=\"https:\/\/cortesolda.com.br\/por\/wp-content\/uploads\/2025\/03\/faca-lamina-de-corte-para-maquina-de-saco-plastico-3.webp 1080w, https:\/\/cortesolda.com.br\/por\/wp-content\/uploads\/2025\/03\/faca-lamina-de-corte-para-maquina-de-saco-plastico-3-295x300.webp 295w, https:\/\/cortesolda.com.br\/por\/wp-content\/uploads\/2025\/03\/faca-lamina-de-corte-para-maquina-de-saco-plastico-3-787x800.webp 787w, https:\/\/cortesolda.com.br\/por\/wp-content\/uploads\/2025\/03\/faca-lamina-de-corte-para-maquina-de-saco-plastico-3-768x781.webp 768w, https:\/\/cortesolda.com.br\/por\/wp-content\/uploads\/2025\/03\/faca-lamina-de-corte-para-maquina-de-saco-plastico-3-430x437.webp 430w, https:\/\/cortesolda.com.br\/por\/wp-content\/uploads\/2025\/03\/faca-lamina-de-corte-para-maquina-de-saco-plastico-3-700x712.webp 700w, https:\/\/cortesolda.com.br\/por\/wp-content\/uploads\/2025\/03\/faca-lamina-de-corte-para-maquina-de-saco-plastico-3-150x153.webp 150w\" sizes=\"(max-width: 450px) 100vw, 450px\" \/><p id=\"caption-attachment-31066\" class=\"wp-caption-text\">faca l\u00e2mina de corte para m\u00e1quina de saco pl\u00e1stico<\/p><\/div>\n<div id=\"attachment_31065\" style=\"width: 460px\" class=\"wp-caption alignnone\"><img loading=\"lazy\" decoding=\"async\" aria-describedby=\"caption-attachment-31065\" class=\"faca l\u00e2mina de corte para m\u00e1quina de saco pl\u00e1stico wp-image-31065\" title=\"faca l\u00e2mina de corte para m\u00e1quina de saco pl\u00e1stico\" src=\"https:\/\/cortesolda.com.br\/por\/wp-content\/uploads\/2025\/03\/faca-lamina-de-corte-para-maquina-de-saco-plastico1.webp\" alt=\"faca l\u00e2mina de corte para m\u00e1quina de saco pl\u00e1stico\" width=\"450\" height=\"550\" srcset=\"https:\/\/cortesolda.com.br\/por\/wp-content\/uploads\/2025\/03\/faca-lamina-de-corte-para-maquina-de-saco-plastico1.webp 818w, https:\/\/cortesolda.com.br\/por\/wp-content\/uploads\/2025\/03\/faca-lamina-de-corte-para-maquina-de-saco-plastico1-245x300.webp 245w, https:\/\/cortesolda.com.br\/por\/wp-content\/uploads\/2025\/03\/faca-lamina-de-corte-para-maquina-de-saco-plastico1-654x800.webp 654w, https:\/\/cortesolda.com.br\/por\/wp-content\/uploads\/2025\/03\/faca-lamina-de-corte-para-maquina-de-saco-plastico1-768x939.webp 768w, https:\/\/cortesolda.com.br\/por\/wp-content\/uploads\/2025\/03\/faca-lamina-de-corte-para-maquina-de-saco-plastico1-430x526.webp 430w, https:\/\/cortesolda.com.br\/por\/wp-content\/uploads\/2025\/03\/faca-lamina-de-corte-para-maquina-de-saco-plastico1-700x856.webp 700w, https:\/\/cortesolda.com.br\/por\/wp-content\/uploads\/2025\/03\/faca-lamina-de-corte-para-maquina-de-saco-plastico1-150x183.webp 150w\" sizes=\"(max-width: 450px) 100vw, 450px\" \/><p id=\"caption-attachment-31065\" class=\"wp-caption-text\">faca l\u00e2mina de corte para m\u00e1quina de saco pl\u00e1stico<\/p><\/div>\n<\/div>\n<\/div>\n<\/div>\n","protected":false},"excerpt":{"rendered":"<p>faca\/l\u00e2mina de corte<\/p>\n","protected":false},"featured_media":30337,"comment_status":"closed","ping_status":"closed","template":"","meta":{"_acf_changed":false,"_oss_video_url":""},"product_brand":[],"product_cat":[20],"product_tag":[],"class_list":{"0":"post-30336","1":"product","2":"type-product","3":"status-publish","4":"has-post-thumbnail","6":"product_cat-pecas-de-corte-e-solda","8":"first","9":"instock","10":"shipping-taxable","11":"product-type-simple"},"acf":[],"_links":{"self":[{"href":"https:\/\/cortesolda.com.br\/por\/wp-json\/wp\/v2\/product\/30336","targetHints":{"allow":["GET"]}}],"collection":[{"href":"https:\/\/cortesolda.com.br\/por\/wp-json\/wp\/v2\/product"}],"about":[{"href":"https:\/\/cortesolda.com.br\/por\/wp-json\/wp\/v2\/types\/product"}],"replies":[{"embeddable":true,"href":"https:\/\/cortesolda.com.br\/por\/wp-json\/wp\/v2\/comments?post=30336"}],"version-history":[{"count":0,"href":"https:\/\/cortesolda.com.br\/por\/wp-json\/wp\/v2\/product\/30336\/revisions"}],"wp:featuredmedia":[{"embeddable":true,"href":"https:\/\/cortesolda.com.br\/por\/wp-json\/wp\/v2\/media\/30337"}],"wp:attachment":[{"href":"https:\/\/cortesolda.com.br\/por\/wp-json\/wp\/v2\/media?parent=30336"}],"wp:term":[{"taxonomy":"product_brand","embeddable":true,"href":"https:\/\/cortesolda.com.br\/por\/wp-json\/wp\/v2\/product_brand?post=30336"},{"taxonomy":"product_cat","embeddable":true,"href":"https:\/\/cortesolda.com.br\/por\/wp-json\/wp\/v2\/product_cat?post=30336"},{"taxonomy":"product_tag","embeddable":true,"href":"https:\/\/cortesolda.com.br\/por\/wp-json\/wp\/v2\/product_tag?post=30336"}],"curies":[{"name":"wp","href":"https:\/\/api.w.org\/{rel}","templated":true}]}}